{"id":761,"date":"2023-06-21T17:10:03","date_gmt":"2023-06-21T20:10:03","guid":{"rendered":"https:\/\/www.ehcomunicacao.com.br\/plastitol\/?page_id=761"},"modified":"2023-06-23T12:30:37","modified_gmt":"2023-06-23T15:30:37","slug":"chaveiro-de-metal","status":"publish","type":"page","link":"https:\/\/www.plastitol.com.br\/?page_id=761","title":{"rendered":"Chaveiro de Metal"},"content":{"rendered":"\n<p>Material: Metal niquelado, cor prata alta durabilidade<br>Impress\u00e3o: em 4&#215;0 cores com camada de resina transparente<br>Formatos: pode ser feito qualquer formato (formatos j\u00e1 existentes na empresa, como redondo, retangular, quadrado, cora\u00e7\u00e3o, entre muitos outros, proporcionam menores valores pela dispensa de ferramental de corte. Formatos especiais podem ser desenvolvidos pela empresa)<br>Acabamentos: cord\u00e3o de nylon, cord\u00e3o de metal, presilha, com argola ou mosquet\u00e3o.<br>Cores: produzimos a impress\u00e3o em qualquer cor (inclusive fotos e degrad\u00eas).<\/p>\n\n\n\n<div class=\"wp-block-stackable-columns stk-block-columns stk-block stk-87cbad7\" data-block-id=\"87cbad7\"><div class=\"stk-row stk-inner-blocks stk-block-content stk-content-align stk-87cbad7-column\">\n<div class=\"wp-block-stackable-column stk-block-column stk-column stk-block stk-a804bfe\" data-v=\"4\" data-block-id=\"a804bfe\"><style>@media screen and (min-width:768px){.stk-a804bfe{flex:1 1 25% !important}}<\/style><div class=\"stk-column-wrapper stk-block-column__content stk-container stk-a804bfe-container stk--no-background stk--no-padding\"><div class=\"stk-block-content stk-inner-blocks stk-a804bfe-inner-blocks\">\n<div class=\"wp-block-stackable-image stk-block-image stk-block stk-b17bd77 stk--has-lightbox\" data-block-id=\"b17bd77\"><figure class=\"stk-img-wrapper stk-image--shape-stretch\"><img loading=\"lazy\" decoding=\"async\" class=\"stk-img wp-image-1091\" src=\"https:\/\/www.ehcomunicacao.com.br\/plastitol\/wp-content\/uploads\/2023\/06\/brinde-chaveiro-metal-1.jpg\" width=\"901\" height=\"901\" srcset=\"https:\/\/www.plastitol.com.br\/wp-content\/uploads\/2023\/06\/brinde-chaveiro-metal-1.jpg 901w, https:\/\/www.plastitol.com.br\/wp-content\/uploads\/2023\/06\/brinde-chaveiro-metal-1-300x300.jpg 300w, https:\/\/www.plastitol.com.br\/wp-content\/uploads\/2023\/06\/brinde-chaveiro-metal-1-150x150.jpg 150w, https:\/\/www.plastitol.com.br\/wp-content\/uploads\/2023\/06\/brinde-chaveiro-metal-1-768x768.jpg 768w, https:\/\/www.plastitol.com.br\/wp-content\/uploads\/2023\/06\/brinde-chaveiro-metal-1-600x600.jpg 600w, https:\/\/www.plastitol.com.br\/wp-content\/uploads\/2023\/06\/brinde-chaveiro-metal-1-100x100.jpg 100w\" sizes=\"auto, (max-width: 901px) 100vw, 901px\" \/><\/figure><\/div>\n<\/div><\/div><\/div>\n\n\n\n<div class=\"wp-block-stackable-column stk-block-column stk-column stk-block stk-a2e3d74\" data-v=\"4\" data-block-id=\"a2e3d74\"><style>@media screen and (min-width:768px){.stk-a2e3d74{flex:1 1 25% !important}}<\/style><div class=\"stk-column-wrapper stk-block-column__content stk-container stk-a2e3d74-container stk--no-background stk--no-padding\"><div class=\"stk-block-content stk-inner-blocks stk-a2e3d74-inner-blocks\">\n<div class=\"wp-block-stackable-image stk-block-image stk-block stk-80c62ef stk--has-lightbox\" data-block-id=\"80c62ef\"><figure class=\"stk-img-wrapper stk-image--shape-stretch\"><img loading=\"lazy\" decoding=\"async\" class=\"stk-img wp-image-1092\" src=\"https:\/\/www.ehcomunicacao.com.br\/plastitol\/wp-content\/uploads\/2023\/06\/brinde-chaveiro-metal-2.jpg\" width=\"901\" height=\"901\" srcset=\"https:\/\/www.plastitol.com.br\/wp-content\/uploads\/2023\/06\/brinde-chaveiro-metal-2.jpg 901w, https:\/\/www.plastitol.com.br\/wp-content\/uploads\/2023\/06\/brinde-chaveiro-metal-2-300x300.jpg 300w, https:\/\/www.plastitol.com.br\/wp-content\/uploads\/2023\/06\/brinde-chaveiro-metal-2-150x150.jpg 150w, https:\/\/www.plastitol.com.br\/wp-content\/uploads\/2023\/06\/brinde-chaveiro-metal-2-768x768.jpg 768w, https:\/\/www.plastitol.com.br\/wp-content\/uploads\/2023\/06\/brinde-chaveiro-metal-2-600x600.jpg 600w, https:\/\/www.plastitol.com.br\/wp-content\/uploads\/2023\/06\/brinde-chaveiro-metal-2-100x100.jpg 100w\" sizes=\"auto, (max-width: 901px) 100vw, 901px\" \/><\/figure><\/div>\n<\/div><\/div><\/div>\n\n\n\n<div class=\"wp-block-stackable-column stk-block-column stk-column stk-block stk-708f198\" data-v=\"4\" data-block-id=\"708f198\"><style>@media screen and (min-width:768px){.stk-708f198{flex:1 1 25% !important}}<\/style><div class=\"stk-column-wrapper stk-block-column__content stk-container stk-708f198-container stk--no-background stk--no-padding\"><div class=\"stk-block-content stk-inner-blocks stk-708f198-inner-blocks\">\n<div class=\"wp-block-stackable-image stk-block-image stk-block stk-2928f8a stk--has-lightbox\" data-block-id=\"2928f8a\"><figure class=\"stk-img-wrapper stk-image--shape-stretch\"><img loading=\"lazy\" decoding=\"async\" class=\"stk-img wp-image-1093\" src=\"https:\/\/www.ehcomunicacao.com.br\/plastitol\/wp-content\/uploads\/2023\/06\/brinde-chaveiro-metal-3.jpg\" width=\"901\" height=\"901\" srcset=\"https:\/\/www.plastitol.com.br\/wp-content\/uploads\/2023\/06\/brinde-chaveiro-metal-3.jpg 901w, https:\/\/www.plastitol.com.br\/wp-content\/uploads\/2023\/06\/brinde-chaveiro-metal-3-300x300.jpg 300w, https:\/\/www.plastitol.com.br\/wp-content\/uploads\/2023\/06\/brinde-chaveiro-metal-3-150x150.jpg 150w, https:\/\/www.plastitol.com.br\/wp-content\/uploads\/2023\/06\/brinde-chaveiro-metal-3-768x768.jpg 768w, https:\/\/www.plastitol.com.br\/wp-content\/uploads\/2023\/06\/brinde-chaveiro-metal-3-600x600.jpg 600w, https:\/\/www.plastitol.com.br\/wp-content\/uploads\/2023\/06\/brinde-chaveiro-metal-3-100x100.jpg 100w\" sizes=\"auto, (max-width: 901px) 100vw, 901px\" \/><\/figure><\/div>\n<\/div><\/div><\/div>\n\n\n\n<div class=\"wp-block-stackable-column stk-block-column stk-column stk-block stk-b1dc199\" data-v=\"4\" data-block-id=\"b1dc199\"><style>@media screen and (min-width:768px){.stk-b1dc199{flex:1 1 25% !important}}<\/style><div class=\"stk-column-wrapper stk-block-column__content stk-container stk-b1dc199-container stk--no-background stk--no-padding\"><div class=\"stk-block-content stk-inner-blocks stk-b1dc199-inner-blocks\">\n<div class=\"wp-block-stackable-image stk-block-image stk-block stk-df3b76b stk--has-lightbox\" data-block-id=\"df3b76b\"><figure class=\"stk-img-wrapper stk-image--shape-stretch\"><img loading=\"lazy\" decoding=\"async\" class=\"stk-img wp-image-1094\" src=\"https:\/\/www.ehcomunicacao.com.br\/plastitol\/wp-content\/uploads\/2023\/06\/brinde-chaveiro-metal-4.jpg\" width=\"901\" height=\"901\" srcset=\"https:\/\/www.plastitol.com.br\/wp-content\/uploads\/2023\/06\/brinde-chaveiro-metal-4.jpg 901w, https:\/\/www.plastitol.com.br\/wp-content\/uploads\/2023\/06\/brinde-chaveiro-metal-4-300x300.jpg 300w, https:\/\/www.plastitol.com.br\/wp-content\/uploads\/2023\/06\/brinde-chaveiro-metal-4-150x150.jpg 150w, https:\/\/www.plastitol.com.br\/wp-content\/uploads\/2023\/06\/brinde-chaveiro-metal-4-768x768.jpg 768w, https:\/\/www.plastitol.com.br\/wp-content\/uploads\/2023\/06\/brinde-chaveiro-metal-4-600x600.jpg 600w, https:\/\/www.plastitol.com.br\/wp-content\/uploads\/2023\/06\/brinde-chaveiro-metal-4-100x100.jpg 100w\" sizes=\"auto, (max-width: 901px) 100vw, 901px\" \/><\/figure><\/div>\n<\/div><\/div><\/div>\n<\/div><\/div>\n\n\n\n<div class=\"wp-block-stackable-columns stk-block-columns stk-block stk-2cba949\" data-block-id=\"2cba949\"><div class=\"stk-row stk-inner-blocks stk-block-content stk-content-align stk-2cba949-column\">\n<div class=\"wp-block-stackable-column stk-block-column stk-column stk-block stk-965f5f2\" data-v=\"4\" data-block-id=\"965f5f2\"><style>@media screen and (min-width:768px){.stk-965f5f2{flex:1 1 25% !important}}<\/style><div class=\"stk-column-wrapper stk-block-column__content stk-container stk-965f5f2-container stk--no-background stk--no-padding\"><div class=\"stk-block-content stk-inner-blocks stk-965f5f2-inner-blocks\">\n<div class=\"wp-block-stackable-image stk-block-image stk-block stk-3f1eb1e stk--has-lightbox\" data-block-id=\"3f1eb1e\"><figure class=\"stk-img-wrapper stk-image--shape-stretch\"><img loading=\"lazy\" decoding=\"async\" class=\"stk-img wp-image-1095\" src=\"https:\/\/www.ehcomunicacao.com.br\/plastitol\/wp-content\/uploads\/2023\/06\/brinde-chaveiro-metal-5.jpg\" width=\"901\" height=\"901\" srcset=\"https:\/\/www.plastitol.com.br\/wp-content\/uploads\/2023\/06\/brinde-chaveiro-metal-5.jpg 901w, https:\/\/www.plastitol.com.br\/wp-content\/uploads\/2023\/06\/brinde-chaveiro-metal-5-300x300.jpg 300w, https:\/\/www.plastitol.com.br\/wp-content\/uploads\/2023\/06\/brinde-chaveiro-metal-5-150x150.jpg 150w, https:\/\/www.plastitol.com.br\/wp-content\/uploads\/2023\/06\/brinde-chaveiro-metal-5-768x768.jpg 768w, https:\/\/www.plastitol.com.br\/wp-content\/uploads\/2023\/06\/brinde-chaveiro-metal-5-600x600.jpg 600w, https:\/\/www.plastitol.com.br\/wp-content\/uploads\/2023\/06\/brinde-chaveiro-metal-5-100x100.jpg 100w\" sizes=\"auto, (max-width: 901px) 100vw, 901px\" \/><\/figure><\/div>\n<\/div><\/div><\/div>\n\n\n\n<div class=\"wp-block-stackable-column stk-block-column stk-column stk-block stk-40afb59\" data-v=\"4\" data-block-id=\"40afb59\"><style>@media screen and (min-width:768px){.stk-40afb59{flex:1 1 25% !important}}<\/style><div class=\"stk-column-wrapper stk-block-column__content stk-container stk-40afb59-container stk--no-background stk--no-padding\"><div class=\"stk-block-content stk-inner-blocks stk-40afb59-inner-blocks\">\n<div class=\"wp-block-stackable-image stk-block-image stk-block stk-b15f7ff stk--has-lightbox\" data-block-id=\"b15f7ff\"><figure class=\"stk-img-wrapper stk-image--shape-stretch\"><img loading=\"lazy\" decoding=\"async\" class=\"stk-img wp-image-1096\" src=\"https:\/\/www.ehcomunicacao.com.br\/plastitol\/wp-content\/uploads\/2023\/06\/brinde-chaveiro-metal-6.jpg\" width=\"901\" height=\"901\" srcset=\"https:\/\/www.plastitol.com.br\/wp-content\/uploads\/2023\/06\/brinde-chaveiro-metal-6.jpg 901w, https:\/\/www.plastitol.com.br\/wp-content\/uploads\/2023\/06\/brinde-chaveiro-metal-6-300x300.jpg 300w, https:\/\/www.plastitol.com.br\/wp-content\/uploads\/2023\/06\/brinde-chaveiro-metal-6-150x150.jpg 150w, https:\/\/www.plastitol.com.br\/wp-content\/uploads\/2023\/06\/brinde-chaveiro-metal-6-768x768.jpg 768w, https:\/\/www.plastitol.com.br\/wp-content\/uploads\/2023\/06\/brinde-chaveiro-metal-6-600x600.jpg 600w, https:\/\/www.plastitol.com.br\/wp-content\/uploads\/2023\/06\/brinde-chaveiro-metal-6-100x100.jpg 100w\" sizes=\"auto, (max-width: 901px) 100vw, 901px\" \/><\/figure><\/div>\n<\/div><\/div><\/div>\n\n\n\n<div class=\"wp-block-stackable-column stk-block-column stk-column stk-block stk-d492819\" data-v=\"4\" data-block-id=\"d492819\"><style>@media screen and (min-width:768px){.stk-d492819{flex:1 1 25% !important}}<\/style><div class=\"stk-column-wrapper stk-block-column__content stk-container stk-d492819-container stk--no-background stk--no-padding\"><div class=\"stk-block-content stk-inner-blocks stk-d492819-inner-blocks\">\n<div class=\"wp-block-stackable-image stk-block-image stk-block stk-dd3a3cd stk--has-lightbox\" data-block-id=\"dd3a3cd\"><figure class=\"stk-img-wrapper stk-image--shape-stretch\"><img loading=\"lazy\" decoding=\"async\" class=\"stk-img wp-image-1097\" src=\"https:\/\/www.ehcomunicacao.com.br\/plastitol\/wp-content\/uploads\/2023\/06\/brinde-chaveiro-metal-7.jpg\" width=\"901\" height=\"901\" srcset=\"https:\/\/www.plastitol.com.br\/wp-content\/uploads\/2023\/06\/brinde-chaveiro-metal-7.jpg 901w, https:\/\/www.plastitol.com.br\/wp-content\/uploads\/2023\/06\/brinde-chaveiro-metal-7-300x300.jpg 300w, https:\/\/www.plastitol.com.br\/wp-content\/uploads\/2023\/06\/brinde-chaveiro-metal-7-150x150.jpg 150w, https:\/\/www.plastitol.com.br\/wp-content\/uploads\/2023\/06\/brinde-chaveiro-metal-7-768x768.jpg 768w, https:\/\/www.plastitol.com.br\/wp-content\/uploads\/2023\/06\/brinde-chaveiro-metal-7-600x600.jpg 600w, https:\/\/www.plastitol.com.br\/wp-content\/uploads\/2023\/06\/brinde-chaveiro-metal-7-100x100.jpg 100w\" sizes=\"auto, (max-width: 901px) 100vw, 901px\" \/><\/figure><\/div>\n<\/div><\/div><\/div>\n\n\n\n<div class=\"wp-block-stackable-column stk-block-column stk-column stk-block stk-f32e7d4\" data-v=\"4\" data-block-id=\"f32e7d4\"><style>@media screen and (min-width:768px){.stk-f32e7d4{flex:1 1 25% !important}}<\/style><div class=\"stk-column-wrapper stk-block-column__content stk-container stk-f32e7d4-container stk--no-background stk--no-padding\"><div class=\"stk-block-content stk-inner-blocks stk-f32e7d4-inner-blocks\">\n<div class=\"wp-block-stackable-image stk-block-image stk-block stk-6b9e259 stk--has-lightbox\" data-block-id=\"6b9e259\"><figure class=\"stk-img-wrapper stk-image--shape-stretch\"><img loading=\"lazy\" decoding=\"async\" class=\"stk-img wp-image-1098\" src=\"https:\/\/www.ehcomunicacao.com.br\/plastitol\/wp-content\/uploads\/2023\/06\/brinde-chaveiro-metal-8.jpg\" width=\"901\" height=\"901\" srcset=\"https:\/\/www.plastitol.com.br\/wp-content\/uploads\/2023\/06\/brinde-chaveiro-metal-8.jpg 901w, https:\/\/www.plastitol.com.br\/wp-content\/uploads\/2023\/06\/brinde-chaveiro-metal-8-300x300.jpg 300w, https:\/\/www.plastitol.com.br\/wp-content\/uploads\/2023\/06\/brinde-chaveiro-metal-8-150x150.jpg 150w, https:\/\/www.plastitol.com.br\/wp-content\/uploads\/2023\/06\/brinde-chaveiro-metal-8-768x768.jpg 768w, https:\/\/www.plastitol.com.br\/wp-content\/uploads\/2023\/06\/brinde-chaveiro-metal-8-600x600.jpg 600w, https:\/\/www.plastitol.com.br\/wp-content\/uploads\/2023\/06\/brinde-chaveiro-metal-8-100x100.jpg 100w\" sizes=\"auto, (max-width: 901px) 100vw, 901px\" \/><\/figure><\/div>\n<\/div><\/div><\/div>\n<\/div><\/div>\n","protected":false},"excerpt":{"rendered":"<p>Material: Metal niquelado, cor prata alta durabilidadeImpress\u00e3o: em 4&#215;0 cores com camada de resina transparenteFormatos: pode ser feito qualquer formato (formatos j\u00e1 existentes na empresa, como redondo, retangular, quadrado, cora\u00e7\u00e3o, entre muitos outros, proporcionam menores valores pela dispensa de ferramental de corte. Formatos especiais podem ser desenvolvidos pela empresa)Acabamentos: cord\u00e3o de nylon, cord\u00e3o de metal, [&hellip;]<\/p>\n","protected":false},"author":1,"featured_media":0,"parent":0,"menu_order":0,"comment_status":"closed","ping_status":"closed","template":"","meta":{"footnotes":""},"class_list":["post-761","page","type-page","status-publish","hentry"],"blocksy_meta":{"page_structure_type":"type-1"},"featured_image_urls":{"full":"","thumbnail":"","medium":"","medium_large":"","large":"","1536x1536":"","2048x2048":""},"post_excerpt_stackable":"<p>Material: Metal niquelado, cor prata alta durabilidadeImpress\u00e3o: em 4&#215;0 cores com camada de resina transparenteFormatos: pode ser feito qualquer formato (formatos j\u00e1 existentes na empresa, como redondo, retangular, quadrado, cora\u00e7\u00e3o, entre muitos outros, proporcionam menores valores pela dispensa de ferramental de corte. Formatos especiais podem ser desenvolvidos pela empresa)Acabamentos: cord\u00e3o de nylon, cord\u00e3o de metal, presilha, com argola ou mosquet\u00e3o.Cores: produzimos a impress\u00e3o em qualquer cor (inclusive fotos e degrad\u00eas).<\/p>\n","category_list":"","author_info":{"name":"plastitol","url":"https:\/\/www.plastitol.com.br\/?author=1"},"comments_num":"0 coment\u00e1rio","jetpack_sharing_enabled":true,"_links":{"self":[{"href":"https:\/\/www.plastitol.com.br\/index.php?rest_route=\/wp\/v2\/pages\/761","targetHints":{"allow":["GET"]}}],"collection":[{"href":"https:\/\/www.plastitol.com.br\/index.php?rest_route=\/wp\/v2\/pages"}],"about":[{"href":"https:\/\/www.plastitol.com.br\/index.php?rest_route=\/wp\/v2\/types\/page"}],"author":[{"embeddable":true,"href":"https:\/\/www.plastitol.com.br\/index.php?rest_route=\/wp\/v2\/users\/1"}],"replies":[{"embeddable":true,"href":"https:\/\/www.plastitol.com.br\/index.php?rest_route=%2Fwp%2Fv2%2Fcomments&post=761"}],"version-history":[{"count":3,"href":"https:\/\/www.plastitol.com.br\/index.php?rest_route=\/wp\/v2\/pages\/761\/revisions"}],"predecessor-version":[{"id":1150,"href":"https:\/\/www.plastitol.com.br\/index.php?rest_route=\/wp\/v2\/pages\/761\/revisions\/1150"}],"wp:attachment":[{"href":"https:\/\/www.plastitol.com.br\/index.php?rest_route=%2Fwp%2Fv2%2Fmedia&parent=761"}],"curies":[{"name":"wp","href":"https:\/\/api.w.org\/{rel}","templated":true}]}}