{"id":757,"date":"2023-06-21T17:09:27","date_gmt":"2023-06-21T20:09:27","guid":{"rendered":"https:\/\/www.ehcomunicacao.com.br\/plastitol\/?page_id=757"},"modified":"2023-06-22T16:29:59","modified_gmt":"2023-06-22T19:29:59","slug":"chaveiro-gel","status":"publish","type":"page","link":"https:\/\/www.plastitol.com.br\/?page_id=757","title":{"rendered":"Chaveiro Gel"},"content":{"rendered":"\n<p><strong>Material<\/strong>: PVC flex\u00edvel cristal transparente at\u00f3xico e de alta durabilidade, com gel at\u00f3xico.<br><strong>Tipo<\/strong>: flutuante cheio com gel<br><strong>Impress\u00e3o<\/strong>: em silk screem nas duas faces do chaveiro ou na face interna.<br><strong>Formatos<\/strong>: pode ser feito qualquer formato (formatos j\u00e1 existentes na empresa, como redondo, retangular, quadrado, cora\u00e7\u00e3o, entre muitos outros, proporcionam menores valores pela dispensa de ferramental de corte. Formatos especiais podem ser desenvolvidos pela empresa)<br><strong>Acabamentos<\/strong>: cord\u00e3o de nylon, cord\u00e3o de metal, presilha, com argola ou mosquet\u00e3o.<br><strong>Cores<\/strong>: corpo transparente para a visibilidade do gel e estampa em qualquer cor, utilizando o padr\u00e3o Pantone.<\/p>\n\n\n\n<div class=\"wp-block-stackable-columns stk-block-columns stk-block stk-adbe92e\" data-block-id=\"adbe92e\"><div class=\"stk-row stk-inner-blocks stk-block-content stk-content-align stk-adbe92e-column\">\n<div class=\"wp-block-stackable-column stk-block-column stk-column stk-block stk-25a4ef3\" data-v=\"4\" data-block-id=\"25a4ef3\"><style>@media screen and (min-width:768px){.stk-25a4ef3{flex:1 1 25% !important}}<\/style><div class=\"stk-column-wrapper stk-block-column__content stk-container stk-25a4ef3-container stk--no-background stk--no-padding\"><div class=\"stk-block-content stk-inner-blocks stk-25a4ef3-inner-blocks\">\n<div class=\"wp-block-stackable-image stk-block-image stk-block stk-3b959f6 stk--has-lightbox\" data-block-id=\"3b959f6\"><figure class=\"stk-img-wrapper stk-image--shape-stretch\"><img loading=\"lazy\" decoding=\"async\" class=\"stk-img wp-image-1026\" src=\"https:\/\/www.ehcomunicacao.com.br\/plastitol\/wp-content\/uploads\/2023\/06\/brindes.chaveiro-gel-4.jpg\" width=\"901\" height=\"901\" srcset=\"https:\/\/www.plastitol.com.br\/wp-content\/uploads\/2023\/06\/brindes.chaveiro-gel-4.jpg 901w, https:\/\/www.plastitol.com.br\/wp-content\/uploads\/2023\/06\/brindes.chaveiro-gel-4-300x300.jpg 300w, https:\/\/www.plastitol.com.br\/wp-content\/uploads\/2023\/06\/brindes.chaveiro-gel-4-150x150.jpg 150w, https:\/\/www.plastitol.com.br\/wp-content\/uploads\/2023\/06\/brindes.chaveiro-gel-4-768x768.jpg 768w, https:\/\/www.plastitol.com.br\/wp-content\/uploads\/2023\/06\/brindes.chaveiro-gel-4-600x600.jpg 600w, https:\/\/www.plastitol.com.br\/wp-content\/uploads\/2023\/06\/brindes.chaveiro-gel-4-100x100.jpg 100w\" sizes=\"auto, (max-width: 901px) 100vw, 901px\" \/><\/figure><\/div>\n<\/div><\/div><\/div>\n\n\n\n<div class=\"wp-block-stackable-column stk-block-column stk-column stk-block stk-ce86648\" data-v=\"4\" data-block-id=\"ce86648\"><style>@media screen and (min-width:768px){.stk-ce86648{flex:1 1 25% !important}}<\/style><div class=\"stk-column-wrapper stk-block-column__content stk-container stk-ce86648-container stk--no-background stk--no-padding\"><div class=\"stk-block-content stk-inner-blocks stk-ce86648-inner-blocks\">\n<div class=\"wp-block-stackable-image stk-block-image stk-block stk-1f72b6d stk--has-lightbox\" data-block-id=\"1f72b6d\"><figure class=\"stk-img-wrapper stk-image--shape-stretch\"><img loading=\"lazy\" decoding=\"async\" class=\"stk-img wp-image-1024\" src=\"https:\/\/www.ehcomunicacao.com.br\/plastitol\/wp-content\/uploads\/2023\/06\/brindes.chaveiro-gel-2.jpg\" width=\"901\" height=\"901\" srcset=\"https:\/\/www.plastitol.com.br\/wp-content\/uploads\/2023\/06\/brindes.chaveiro-gel-2.jpg 901w, https:\/\/www.plastitol.com.br\/wp-content\/uploads\/2023\/06\/brindes.chaveiro-gel-2-300x300.jpg 300w, https:\/\/www.plastitol.com.br\/wp-content\/uploads\/2023\/06\/brindes.chaveiro-gel-2-150x150.jpg 150w, https:\/\/www.plastitol.com.br\/wp-content\/uploads\/2023\/06\/brindes.chaveiro-gel-2-768x768.jpg 768w, https:\/\/www.plastitol.com.br\/wp-content\/uploads\/2023\/06\/brindes.chaveiro-gel-2-600x600.jpg 600w, https:\/\/www.plastitol.com.br\/wp-content\/uploads\/2023\/06\/brindes.chaveiro-gel-2-100x100.jpg 100w\" sizes=\"auto, (max-width: 901px) 100vw, 901px\" \/><\/figure><\/div>\n<\/div><\/div><\/div>\n\n\n\n<div class=\"wp-block-stackable-column stk-block-column stk-column stk-block stk-f558f51\" data-v=\"4\" data-block-id=\"f558f51\"><style>@media screen and (min-width:768px){.stk-f558f51{flex:1 1 25% !important}}<\/style><div class=\"stk-column-wrapper stk-block-column__content stk-container stk-f558f51-container stk--no-background stk--no-padding\"><div class=\"stk-block-content stk-inner-blocks stk-f558f51-inner-blocks\">\n<div class=\"wp-block-stackable-image stk-block-image stk-block stk-705d1f8 stk--has-lightbox\" data-block-id=\"705d1f8\"><figure class=\"stk-img-wrapper stk-image--shape-stretch\"><img loading=\"lazy\" decoding=\"async\" class=\"stk-img wp-image-1027\" src=\"https:\/\/www.ehcomunicacao.com.br\/plastitol\/wp-content\/uploads\/2023\/06\/brindes.chaveiro-gel-5.jpg\" width=\"901\" height=\"901\" srcset=\"https:\/\/www.plastitol.com.br\/wp-content\/uploads\/2023\/06\/brindes.chaveiro-gel-5.jpg 901w, https:\/\/www.plastitol.com.br\/wp-content\/uploads\/2023\/06\/brindes.chaveiro-gel-5-300x300.jpg 300w, https:\/\/www.plastitol.com.br\/wp-content\/uploads\/2023\/06\/brindes.chaveiro-gel-5-150x150.jpg 150w, https:\/\/www.plastitol.com.br\/wp-content\/uploads\/2023\/06\/brindes.chaveiro-gel-5-768x768.jpg 768w, https:\/\/www.plastitol.com.br\/wp-content\/uploads\/2023\/06\/brindes.chaveiro-gel-5-600x600.jpg 600w, https:\/\/www.plastitol.com.br\/wp-content\/uploads\/2023\/06\/brindes.chaveiro-gel-5-100x100.jpg 100w\" sizes=\"auto, (max-width: 901px) 100vw, 901px\" \/><\/figure><\/div>\n<\/div><\/div><\/div>\n\n\n\n<div class=\"wp-block-stackable-column stk-block-column stk-column stk-block stk-89c3878\" data-v=\"4\" data-block-id=\"89c3878\"><style>@media screen and (min-width:768px){.stk-89c3878{flex:1 1 25% !important}}<\/style><div class=\"stk-column-wrapper stk-block-column__content stk-container stk-89c3878-container stk--no-background stk--no-padding\"><div class=\"stk-block-content stk-inner-blocks stk-89c3878-inner-blocks\">\n<div class=\"wp-block-stackable-image stk-block-image stk-block stk-ac84ab6 stk--has-lightbox\" data-block-id=\"ac84ab6\"><figure class=\"stk-img-wrapper stk-image--shape-stretch\"><img loading=\"lazy\" decoding=\"async\" class=\"stk-img wp-image-1023\" src=\"https:\/\/www.ehcomunicacao.com.br\/plastitol\/wp-content\/uploads\/2023\/06\/brindes.chaveiro-gel-1.jpg\" width=\"901\" height=\"901\" srcset=\"https:\/\/www.plastitol.com.br\/wp-content\/uploads\/2023\/06\/brindes.chaveiro-gel-1.jpg 901w, https:\/\/www.plastitol.com.br\/wp-content\/uploads\/2023\/06\/brindes.chaveiro-gel-1-300x300.jpg 300w, https:\/\/www.plastitol.com.br\/wp-content\/uploads\/2023\/06\/brindes.chaveiro-gel-1-150x150.jpg 150w, https:\/\/www.plastitol.com.br\/wp-content\/uploads\/2023\/06\/brindes.chaveiro-gel-1-768x768.jpg 768w, https:\/\/www.plastitol.com.br\/wp-content\/uploads\/2023\/06\/brindes.chaveiro-gel-1-600x600.jpg 600w, https:\/\/www.plastitol.com.br\/wp-content\/uploads\/2023\/06\/brindes.chaveiro-gel-1-100x100.jpg 100w\" sizes=\"auto, (max-width: 901px) 100vw, 901px\" \/><\/figure><\/div>\n<\/div><\/div><\/div>\n<\/div><\/div>\n\n\n\n<div class=\"wp-block-stackable-columns stk-block-columns stk-block stk-edef2a2\" data-block-id=\"edef2a2\"><div class=\"stk-row stk-inner-blocks stk-block-content stk-content-align stk-edef2a2-column\">\n<div class=\"wp-block-stackable-column stk-block-column stk-column stk-block stk-c495fa3\" data-v=\"4\" data-block-id=\"c495fa3\"><style>@media screen and (min-width:768px){.stk-c495fa3{flex:1 1 25% !important}}<\/style><div class=\"stk-column-wrapper stk-block-column__content stk-container stk-c495fa3-container stk--no-background stk--no-padding\"><div class=\"stk-block-content stk-inner-blocks stk-c495fa3-inner-blocks\">\n<div class=\"wp-block-stackable-image stk-block-image stk-block stk-863f60b stk--has-lightbox\" data-block-id=\"863f60b\"><figure class=\"stk-img-wrapper stk-image--shape-stretch\"><img loading=\"lazy\" decoding=\"async\" class=\"stk-img wp-image-1057\" src=\"https:\/\/www.ehcomunicacao.com.br\/plastitol\/wp-content\/uploads\/2023\/06\/brindes.chaveiro-gel-6.jpg\" width=\"901\" height=\"901\" srcset=\"https:\/\/www.plastitol.com.br\/wp-content\/uploads\/2023\/06\/brindes.chaveiro-gel-6.jpg 901w, https:\/\/www.plastitol.com.br\/wp-content\/uploads\/2023\/06\/brindes.chaveiro-gel-6-300x300.jpg 300w, https:\/\/www.plastitol.com.br\/wp-content\/uploads\/2023\/06\/brindes.chaveiro-gel-6-150x150.jpg 150w, https:\/\/www.plastitol.com.br\/wp-content\/uploads\/2023\/06\/brindes.chaveiro-gel-6-768x768.jpg 768w, https:\/\/www.plastitol.com.br\/wp-content\/uploads\/2023\/06\/brindes.chaveiro-gel-6-600x600.jpg 600w, https:\/\/www.plastitol.com.br\/wp-content\/uploads\/2023\/06\/brindes.chaveiro-gel-6-100x100.jpg 100w\" sizes=\"auto, (max-width: 901px) 100vw, 901px\" \/><\/figure><\/div>\n<\/div><\/div><\/div>\n\n\n\n<div class=\"wp-block-stackable-column stk-block-column stk-column stk-block stk-eeca89e\" data-v=\"4\" data-block-id=\"eeca89e\"><style>@media screen and (min-width:768px){.stk-eeca89e{flex:1 1 25% !important}}<\/style><div class=\"stk-column-wrapper stk-block-column__content stk-container stk-eeca89e-container stk--no-background stk--no-padding\"><div class=\"stk-block-content stk-inner-blocks stk-eeca89e-inner-blocks\">\n<div class=\"wp-block-stackable-image stk-block-image stk-block stk-6ff80c4 stk--has-lightbox\" data-block-id=\"6ff80c4\"><figure class=\"stk-img-wrapper stk-image--shape-stretch\"><img loading=\"lazy\" decoding=\"async\" class=\"stk-img wp-image-1058\" src=\"https:\/\/www.ehcomunicacao.com.br\/plastitol\/wp-content\/uploads\/2023\/06\/brindes.chaveiro-gel-7.jpg\" width=\"901\" height=\"901\" srcset=\"https:\/\/www.plastitol.com.br\/wp-content\/uploads\/2023\/06\/brindes.chaveiro-gel-7.jpg 901w, https:\/\/www.plastitol.com.br\/wp-content\/uploads\/2023\/06\/brindes.chaveiro-gel-7-300x300.jpg 300w, https:\/\/www.plastitol.com.br\/wp-content\/uploads\/2023\/06\/brindes.chaveiro-gel-7-150x150.jpg 150w, https:\/\/www.plastitol.com.br\/wp-content\/uploads\/2023\/06\/brindes.chaveiro-gel-7-768x768.jpg 768w, https:\/\/www.plastitol.com.br\/wp-content\/uploads\/2023\/06\/brindes.chaveiro-gel-7-600x600.jpg 600w, https:\/\/www.plastitol.com.br\/wp-content\/uploads\/2023\/06\/brindes.chaveiro-gel-7-100x100.jpg 100w\" sizes=\"auto, (max-width: 901px) 100vw, 901px\" \/><\/figure><\/div>\n<\/div><\/div><\/div>\n\n\n\n<div class=\"wp-block-stackable-column stk-block-column stk-column stk-block stk-f74cc9e\" data-v=\"4\" data-block-id=\"f74cc9e\"><style>@media screen and (min-width:768px){.stk-f74cc9e{flex:1 1 25% !important}}<\/style><div class=\"stk-column-wrapper stk-block-column__content stk-container stk-f74cc9e-container stk--no-background stk--no-padding\"><div class=\"stk-block-content stk-inner-blocks stk-f74cc9e-inner-blocks\">\n<div class=\"wp-block-stackable-image stk-block-image stk-block stk-988f4fe stk--has-lightbox\" data-block-id=\"988f4fe\"><figure class=\"stk-img-wrapper stk-image--shape-stretch\"><img loading=\"lazy\" decoding=\"async\" class=\"stk-img wp-image-1060\" src=\"https:\/\/www.ehcomunicacao.com.br\/plastitol\/wp-content\/uploads\/2023\/06\/brindes.chaveiro-gel-9.jpg\" width=\"901\" height=\"901\" srcset=\"https:\/\/www.plastitol.com.br\/wp-content\/uploads\/2023\/06\/brindes.chaveiro-gel-9.jpg 901w, https:\/\/www.plastitol.com.br\/wp-content\/uploads\/2023\/06\/brindes.chaveiro-gel-9-300x300.jpg 300w, https:\/\/www.plastitol.com.br\/wp-content\/uploads\/2023\/06\/brindes.chaveiro-gel-9-150x150.jpg 150w, https:\/\/www.plastitol.com.br\/wp-content\/uploads\/2023\/06\/brindes.chaveiro-gel-9-768x768.jpg 768w, https:\/\/www.plastitol.com.br\/wp-content\/uploads\/2023\/06\/brindes.chaveiro-gel-9-600x600.jpg 600w, https:\/\/www.plastitol.com.br\/wp-content\/uploads\/2023\/06\/brindes.chaveiro-gel-9-100x100.jpg 100w\" sizes=\"auto, (max-width: 901px) 100vw, 901px\" \/><\/figure><\/div>\n<\/div><\/div><\/div>\n\n\n\n<div class=\"wp-block-stackable-column stk-block-column stk-column stk-block stk-9f85052\" data-v=\"4\" data-block-id=\"9f85052\"><style>@media screen and (min-width:768px){.stk-9f85052{flex:1 1 25% !important}}<\/style><div class=\"stk-column-wrapper stk-block-column__content stk-container stk-9f85052-container stk--no-background stk--no-padding\"><div class=\"stk-block-content stk-inner-blocks stk-9f85052-inner-blocks\">\n<div class=\"wp-block-stackable-image stk-block-image stk-block stk-c30a305 stk--has-lightbox\" data-block-id=\"c30a305\"><figure class=\"stk-img-wrapper stk-image--shape-stretch\"><img loading=\"lazy\" decoding=\"async\" class=\"stk-img wp-image-1059\" src=\"https:\/\/www.ehcomunicacao.com.br\/plastitol\/wp-content\/uploads\/2023\/06\/brindes.chaveiro-gel-8.jpg\" width=\"901\" height=\"901\" srcset=\"https:\/\/www.plastitol.com.br\/wp-content\/uploads\/2023\/06\/brindes.chaveiro-gel-8.jpg 901w, https:\/\/www.plastitol.com.br\/wp-content\/uploads\/2023\/06\/brindes.chaveiro-gel-8-300x300.jpg 300w, https:\/\/www.plastitol.com.br\/wp-content\/uploads\/2023\/06\/brindes.chaveiro-gel-8-150x150.jpg 150w, https:\/\/www.plastitol.com.br\/wp-content\/uploads\/2023\/06\/brindes.chaveiro-gel-8-768x768.jpg 768w, https:\/\/www.plastitol.com.br\/wp-content\/uploads\/2023\/06\/brindes.chaveiro-gel-8-600x600.jpg 600w, https:\/\/www.plastitol.com.br\/wp-content\/uploads\/2023\/06\/brindes.chaveiro-gel-8-100x100.jpg 100w\" sizes=\"auto, (max-width: 901px) 100vw, 901px\" \/><\/figure><\/div>\n<\/div><\/div><\/div>\n<\/div><\/div>\n\n\n\n<div class=\"wp-block-stackable-columns stk-block-columns stk-block stk-3e91257\" data-block-id=\"3e91257\"><div class=\"stk-row stk-inner-blocks stk-block-content stk-content-align stk-3e91257-column\">\n<div class=\"wp-block-stackable-column stk-block-column stk-column stk-block stk-bc402b6\" data-v=\"4\" data-block-id=\"bc402b6\"><style>@media screen and (min-width:768px){.stk-bc402b6{flex:1 1 25% !important}}<\/style><div class=\"stk-column-wrapper stk-block-column__content stk-container stk-bc402b6-container stk--no-background stk--no-padding\"><div class=\"stk-block-content stk-inner-blocks stk-bc402b6-inner-blocks\">\n<div class=\"wp-block-stackable-image stk-block-image stk-block stk-b6224ff stk--has-lightbox\" data-block-id=\"b6224ff\"><figure class=\"stk-img-wrapper stk-image--shape-stretch\"><img loading=\"lazy\" decoding=\"async\" class=\"stk-img wp-image-1061\" src=\"https:\/\/www.ehcomunicacao.com.br\/plastitol\/wp-content\/uploads\/2023\/06\/brindes.chaveiro-gel-10.jpg\" width=\"901\" height=\"901\" srcset=\"https:\/\/www.plastitol.com.br\/wp-content\/uploads\/2023\/06\/brindes.chaveiro-gel-10.jpg 901w, https:\/\/www.plastitol.com.br\/wp-content\/uploads\/2023\/06\/brindes.chaveiro-gel-10-300x300.jpg 300w, https:\/\/www.plastitol.com.br\/wp-content\/uploads\/2023\/06\/brindes.chaveiro-gel-10-150x150.jpg 150w, https:\/\/www.plastitol.com.br\/wp-content\/uploads\/2023\/06\/brindes.chaveiro-gel-10-768x768.jpg 768w, https:\/\/www.plastitol.com.br\/wp-content\/uploads\/2023\/06\/brindes.chaveiro-gel-10-600x600.jpg 600w, https:\/\/www.plastitol.com.br\/wp-content\/uploads\/2023\/06\/brindes.chaveiro-gel-10-100x100.jpg 100w\" sizes=\"auto, (max-width: 901px) 100vw, 901px\" \/><\/figure><\/div>\n<\/div><\/div><\/div>\n\n\n\n<div class=\"wp-block-stackable-column stk-block-column stk-column stk-block stk-68d5a50\" data-v=\"4\" data-block-id=\"68d5a50\"><style>@media screen and (min-width:768px){.stk-68d5a50{flex:1 1 25% !important}}<\/style><div class=\"stk-column-wrapper stk-block-column__content stk-container stk-68d5a50-container stk--no-background stk--no-padding\"><div class=\"stk-block-content stk-inner-blocks stk-68d5a50-inner-blocks\">\n<div class=\"wp-block-stackable-image stk-block-image stk-block stk-44730b4 stk--has-lightbox\" data-block-id=\"44730b4\"><figure class=\"stk-img-wrapper stk-image--shape-stretch\"><img loading=\"lazy\" decoding=\"async\" class=\"stk-img wp-image-1063\" src=\"https:\/\/www.ehcomunicacao.com.br\/plastitol\/wp-content\/uploads\/2023\/06\/brindes.chaveiro-gel-12.jpg\" width=\"901\" height=\"901\" srcset=\"https:\/\/www.plastitol.com.br\/wp-content\/uploads\/2023\/06\/brindes.chaveiro-gel-12.jpg 901w, https:\/\/www.plastitol.com.br\/wp-content\/uploads\/2023\/06\/brindes.chaveiro-gel-12-300x300.jpg 300w, https:\/\/www.plastitol.com.br\/wp-content\/uploads\/2023\/06\/brindes.chaveiro-gel-12-150x150.jpg 150w, https:\/\/www.plastitol.com.br\/wp-content\/uploads\/2023\/06\/brindes.chaveiro-gel-12-768x768.jpg 768w, https:\/\/www.plastitol.com.br\/wp-content\/uploads\/2023\/06\/brindes.chaveiro-gel-12-600x600.jpg 600w, https:\/\/www.plastitol.com.br\/wp-content\/uploads\/2023\/06\/brindes.chaveiro-gel-12-100x100.jpg 100w\" sizes=\"auto, (max-width: 901px) 100vw, 901px\" \/><\/figure><\/div>\n<\/div><\/div><\/div>\n\n\n\n<div class=\"wp-block-stackable-column stk-block-column stk-column stk-block stk-281370e\" data-v=\"4\" data-block-id=\"281370e\"><style>@media screen and (min-width:768px){.stk-281370e{flex:1 1 25% !important}}<\/style><div class=\"stk-column-wrapper stk-block-column__content stk-container stk-281370e-container stk--no-background stk--no-padding\"><div class=\"stk-block-content stk-inner-blocks stk-281370e-inner-blocks\">\n<div class=\"wp-block-stackable-image stk-block-image stk-block stk-a6319f2 stk--has-lightbox\" data-block-id=\"a6319f2\"><figure class=\"stk-img-wrapper stk-image--shape-stretch\"><img loading=\"lazy\" decoding=\"async\" class=\"stk-img wp-image-1062\" src=\"https:\/\/www.ehcomunicacao.com.br\/plastitol\/wp-content\/uploads\/2023\/06\/brindes.chaveiro-gel-11.jpg\" width=\"901\" height=\"901\" srcset=\"https:\/\/www.plastitol.com.br\/wp-content\/uploads\/2023\/06\/brindes.chaveiro-gel-11.jpg 901w, https:\/\/www.plastitol.com.br\/wp-content\/uploads\/2023\/06\/brindes.chaveiro-gel-11-300x300.jpg 300w, https:\/\/www.plastitol.com.br\/wp-content\/uploads\/2023\/06\/brindes.chaveiro-gel-11-150x150.jpg 150w, https:\/\/www.plastitol.com.br\/wp-content\/uploads\/2023\/06\/brindes.chaveiro-gel-11-768x768.jpg 768w, https:\/\/www.plastitol.com.br\/wp-content\/uploads\/2023\/06\/brindes.chaveiro-gel-11-600x600.jpg 600w, https:\/\/www.plastitol.com.br\/wp-content\/uploads\/2023\/06\/brindes.chaveiro-gel-11-100x100.jpg 100w\" sizes=\"auto, (max-width: 901px) 100vw, 901px\" \/><\/figure><\/div>\n<\/div><\/div><\/div>\n\n\n\n<div class=\"wp-block-stackable-column stk-block-column stk-column stk-block stk-a98383f\" data-v=\"4\" data-block-id=\"a98383f\"><style>@media screen and (min-width:768px){.stk-a98383f{flex:1 1 25% !important}}<\/style><div class=\"stk-column-wrapper stk-block-column__content stk-container stk-a98383f-container stk--no-background stk--no-padding\"><div class=\"stk-block-content stk-inner-blocks stk-a98383f-inner-blocks\">\n<div class=\"wp-block-stackable-image stk-block-image stk-block stk-dc4c34a stk--has-lightbox\" data-block-id=\"dc4c34a\"><figure class=\"stk-img-wrapper stk-image--shape-stretch\"><img loading=\"lazy\" decoding=\"async\" class=\"stk-img wp-image-1025\" src=\"https:\/\/www.ehcomunicacao.com.br\/plastitol\/wp-content\/uploads\/2023\/06\/brindes.chaveiro-gel-3.jpg\" width=\"901\" height=\"901\" srcset=\"https:\/\/www.plastitol.com.br\/wp-content\/uploads\/2023\/06\/brindes.chaveiro-gel-3.jpg 901w, https:\/\/www.plastitol.com.br\/wp-content\/uploads\/2023\/06\/brindes.chaveiro-gel-3-300x300.jpg 300w, https:\/\/www.plastitol.com.br\/wp-content\/uploads\/2023\/06\/brindes.chaveiro-gel-3-150x150.jpg 150w, https:\/\/www.plastitol.com.br\/wp-content\/uploads\/2023\/06\/brindes.chaveiro-gel-3-768x768.jpg 768w, https:\/\/www.plastitol.com.br\/wp-content\/uploads\/2023\/06\/brindes.chaveiro-gel-3-600x600.jpg 600w, https:\/\/www.plastitol.com.br\/wp-content\/uploads\/2023\/06\/brindes.chaveiro-gel-3-100x100.jpg 100w\" sizes=\"auto, (max-width: 901px) 100vw, 901px\" \/><\/figure><\/div>\n<\/div><\/div><\/div>\n<\/div><\/div>\n","protected":false},"excerpt":{"rendered":"<p>Material: PVC flex\u00edvel cristal transparente at\u00f3xico e de alta durabilidade, com gel at\u00f3xico.Tipo: flutuante cheio com gelImpress\u00e3o: em silk screem nas duas faces do chaveiro ou na face interna.Formatos: pode ser feito qualquer formato (formatos j\u00e1 existentes na empresa, como redondo, retangular, quadrado, cora\u00e7\u00e3o, entre muitos outros, proporcionam menores valores pela dispensa de ferramental de [&hellip;]<\/p>\n","protected":false},"author":1,"featured_media":0,"parent":0,"menu_order":0,"comment_status":"closed","ping_status":"closed","template":"","meta":{"footnotes":""},"class_list":["post-757","page","type-page","status-publish","hentry"],"blocksy_meta":{"page_structure_type":"type-1"},"featured_image_urls":{"full":"","thumbnail":"","medium":"","medium_large":"","large":"","1536x1536":"","2048x2048":""},"post_excerpt_stackable":"<p>Material: PVC flex\u00edvel cristal transparente at\u00f3xico e de alta durabilidade, com gel at\u00f3xico.Tipo: flutuante cheio com gelImpress\u00e3o: em silk screem nas duas faces do chaveiro ou na face interna.Formatos: pode ser feito qualquer formato (formatos j\u00e1 existentes na empresa, como redondo, retangular, quadrado, cora\u00e7\u00e3o, entre muitos outros, proporcionam menores valores pela dispensa de ferramental de corte. Formatos especiais podem ser desenvolvidos pela empresa)Acabamentos: cord\u00e3o de nylon, cord\u00e3o de metal, presilha, com argola ou mosquet\u00e3o.Cores: corpo transparente para a visibilidade do gel e estampa em qualquer cor, utilizando o padr\u00e3o Pantone.<\/p>\n","category_list":"","author_info":{"name":"plastitol","url":"https:\/\/www.plastitol.com.br\/?author=1"},"comments_num":"0 coment\u00e1rio","jetpack_sharing_enabled":true,"_links":{"self":[{"href":"https:\/\/www.plastitol.com.br\/index.php?rest_route=\/wp\/v2\/pages\/757","targetHints":{"allow":["GET"]}}],"collection":[{"href":"https:\/\/www.plastitol.com.br\/index.php?rest_route=\/wp\/v2\/pages"}],"about":[{"href":"https:\/\/www.plastitol.com.br\/index.php?rest_route=\/wp\/v2\/types\/page"}],"author":[{"embeddable":true,"href":"https:\/\/www.plastitol.com.br\/index.php?rest_route=\/wp\/v2\/users\/1"}],"replies":[{"embeddable":true,"href":"https:\/\/www.plastitol.com.br\/index.php?rest_route=%2Fwp%2Fv2%2Fcomments&post=757"}],"version-history":[{"count":4,"href":"https:\/\/www.plastitol.com.br\/index.php?rest_route=\/wp\/v2\/pages\/757\/revisions"}],"predecessor-version":[{"id":1065,"href":"https:\/\/www.plastitol.com.br\/index.php?rest_route=\/wp\/v2\/pages\/757\/revisions\/1065"}],"wp:attachment":[{"href":"https:\/\/www.plastitol.com.br\/index.php?rest_route=%2Fwp%2Fv2%2Fmedia&parent=757"}],"curies":[{"name":"wp","href":"https:\/\/api.w.org\/{rel}","templated":true}]}}