{"id":755,"date":"2023-06-21T17:07:49","date_gmt":"2023-06-21T20:07:49","guid":{"rendered":"https:\/\/www.ehcomunicacao.com.br\/plastitol\/?page_id=755"},"modified":"2023-06-22T18:08:01","modified_gmt":"2023-06-22T21:08:01","slug":"chaveiro-emborrachado-macico","status":"publish","type":"page","link":"https:\/\/www.plastitol.com.br\/?page_id=755","title":{"rendered":"Chaveiro Emborrachado Maci\u00e7o"},"content":{"rendered":"\n<p><strong>Material<\/strong>: PVC flex\u00edvel at\u00f3xico e de alta durabilidade<br><strong>Tipo<\/strong>: maci\u00e7o<br><strong>Impress\u00e3o<\/strong>: em alto relevo emborrachado ou silk screem nas duas faces do chaveiro<br><strong>Formatos<\/strong>: pode ser feito qualquer formato (formatos j\u00e1 existentes na empresa, como redondo, retangular, quadrado, cora\u00e7\u00e3o, entre muitos outros, proporcionam menores valores pela dispensa de ferramental de corte. Formatos especiais podem ser desenvolvidos pela empresa)<br><strong>Acabamentos<\/strong>: cord\u00e3o de nylon, cord\u00e3o de metal, presilha, com argola ou mosquet\u00e3o.<br><strong>Cores<\/strong>: produzimos em qualquer cor, utilizando o padr\u00e3o Pantone.<\/p>\n\n\n\n<div class=\"wp-block-stackable-columns stk-block-columns stk-block stk-dad4310\" data-block-id=\"dad4310\"><div class=\"stk-row stk-inner-blocks stk-block-content stk-content-align stk-dad4310-column\">\n<div class=\"wp-block-stackable-column stk-block-column stk-column stk-block stk-4ab4654\" data-v=\"4\" data-block-id=\"4ab4654\"><style>@media screen and (min-width:768px){.stk-4ab4654{flex:1 1 25% !important}}<\/style><div class=\"stk-column-wrapper stk-block-column__content stk-container stk-4ab4654-container stk--no-background stk--no-padding\"><div class=\"stk-block-content stk-inner-blocks stk-4ab4654-inner-blocks\">\n<div class=\"wp-block-stackable-image stk-block-image stk-block stk-15f5b4d stk--has-lightbox\" data-block-id=\"15f5b4d\"><figure class=\"stk-img-wrapper stk-image--shape-stretch\"><img loading=\"lazy\" decoding=\"async\" class=\"stk-img wp-image-1014\" src=\"https:\/\/www.ehcomunicacao.com.br\/plastitol\/wp-content\/uploads\/2023\/06\/brinde-chaveiro-emborrachado2.jpg\" width=\"901\" height=\"901\" srcset=\"https:\/\/www.plastitol.com.br\/wp-content\/uploads\/2023\/06\/brinde-chaveiro-emborrachado2.jpg 901w, https:\/\/www.plastitol.com.br\/wp-content\/uploads\/2023\/06\/brinde-chaveiro-emborrachado2-300x300.jpg 300w, https:\/\/www.plastitol.com.br\/wp-content\/uploads\/2023\/06\/brinde-chaveiro-emborrachado2-150x150.jpg 150w, https:\/\/www.plastitol.com.br\/wp-content\/uploads\/2023\/06\/brinde-chaveiro-emborrachado2-768x768.jpg 768w, https:\/\/www.plastitol.com.br\/wp-content\/uploads\/2023\/06\/brinde-chaveiro-emborrachado2-600x600.jpg 600w, https:\/\/www.plastitol.com.br\/wp-content\/uploads\/2023\/06\/brinde-chaveiro-emborrachado2-100x100.jpg 100w\" sizes=\"auto, (max-width: 901px) 100vw, 901px\" \/><\/figure><\/div>\n<\/div><\/div><\/div>\n\n\n\n<div class=\"wp-block-stackable-column stk-block-column stk-column stk-block stk-6d1b600\" data-v=\"4\" data-block-id=\"6d1b600\"><style>@media screen and (min-width:768px){.stk-6d1b600{flex:1 1 25% !important}}<\/style><div class=\"stk-column-wrapper stk-block-column__content stk-container stk-6d1b600-container stk--no-background stk--no-padding\"><div class=\"stk-block-content stk-inner-blocks stk-6d1b600-inner-blocks\">\n<div class=\"wp-block-stackable-image stk-block-image stk-block stk-31b5f94 stk--has-lightbox\" data-block-id=\"31b5f94\"><figure class=\"stk-img-wrapper stk-image--shape-stretch\"><img loading=\"lazy\" decoding=\"async\" class=\"stk-img wp-image-1015\" src=\"https:\/\/www.ehcomunicacao.com.br\/plastitol\/wp-content\/uploads\/2023\/06\/brinde-chaveiro-emborrachado3.jpg\" width=\"901\" height=\"901\" srcset=\"https:\/\/www.plastitol.com.br\/wp-content\/uploads\/2023\/06\/brinde-chaveiro-emborrachado3.jpg 901w, https:\/\/www.plastitol.com.br\/wp-content\/uploads\/2023\/06\/brinde-chaveiro-emborrachado3-300x300.jpg 300w, https:\/\/www.plastitol.com.br\/wp-content\/uploads\/2023\/06\/brinde-chaveiro-emborrachado3-150x150.jpg 150w, https:\/\/www.plastitol.com.br\/wp-content\/uploads\/2023\/06\/brinde-chaveiro-emborrachado3-768x768.jpg 768w, https:\/\/www.plastitol.com.br\/wp-content\/uploads\/2023\/06\/brinde-chaveiro-emborrachado3-600x600.jpg 600w, https:\/\/www.plastitol.com.br\/wp-content\/uploads\/2023\/06\/brinde-chaveiro-emborrachado3-100x100.jpg 100w\" sizes=\"auto, (max-width: 901px) 100vw, 901px\" \/><\/figure><\/div>\n<\/div><\/div><\/div>\n\n\n\n<div class=\"wp-block-stackable-column stk-block-column stk-column stk-block stk-72a5e18\" data-v=\"4\" data-block-id=\"72a5e18\"><style>@media screen and (min-width:768px){.stk-72a5e18{flex:1 1 25% !important}}<\/style><div class=\"stk-column-wrapper stk-block-column__content stk-container stk-72a5e18-container stk--no-background stk--no-padding\"><div class=\"stk-block-content stk-inner-blocks stk-72a5e18-inner-blocks\">\n<div class=\"wp-block-stackable-image stk-block-image stk-block stk-e363dbb stk--has-lightbox\" data-block-id=\"e363dbb\"><figure class=\"stk-img-wrapper stk-image--shape-stretch\"><img loading=\"lazy\" decoding=\"async\" class=\"stk-img wp-image-1013\" src=\"https:\/\/www.ehcomunicacao.com.br\/plastitol\/wp-content\/uploads\/2023\/06\/brinde-chaveiro-emborrachado1.jpg\" width=\"901\" height=\"901\" srcset=\"https:\/\/www.plastitol.com.br\/wp-content\/uploads\/2023\/06\/brinde-chaveiro-emborrachado1.jpg 901w, https:\/\/www.plastitol.com.br\/wp-content\/uploads\/2023\/06\/brinde-chaveiro-emborrachado1-300x300.jpg 300w, https:\/\/www.plastitol.com.br\/wp-content\/uploads\/2023\/06\/brinde-chaveiro-emborrachado1-150x150.jpg 150w, https:\/\/www.plastitol.com.br\/wp-content\/uploads\/2023\/06\/brinde-chaveiro-emborrachado1-768x768.jpg 768w, https:\/\/www.plastitol.com.br\/wp-content\/uploads\/2023\/06\/brinde-chaveiro-emborrachado1-600x600.jpg 600w, https:\/\/www.plastitol.com.br\/wp-content\/uploads\/2023\/06\/brinde-chaveiro-emborrachado1-100x100.jpg 100w\" sizes=\"auto, (max-width: 901px) 100vw, 901px\" \/><\/figure><\/div>\n<\/div><\/div><\/div>\n\n\n\n<div class=\"wp-block-stackable-column stk-block-column stk-column stk-block stk-16a3111\" data-v=\"4\" data-block-id=\"16a3111\"><style>@media screen and (min-width:768px){.stk-16a3111{flex:1 1 25% !important}}<\/style><div class=\"stk-column-wrapper stk-block-column__content stk-container stk-16a3111-container stk--no-background stk--no-padding\"><div class=\"stk-block-content stk-inner-blocks stk-16a3111-inner-blocks\">\n<div class=\"wp-block-stackable-image stk-block-image stk-block stk-4bc6723 stk--has-lightbox\" data-block-id=\"4bc6723\"><figure class=\"stk-img-wrapper stk-image--shape-stretch\"><img loading=\"lazy\" decoding=\"async\" class=\"stk-img wp-image-1016\" src=\"https:\/\/www.ehcomunicacao.com.br\/plastitol\/wp-content\/uploads\/2023\/06\/brinde-chaveiro-emborrachado4.jpg\" width=\"901\" height=\"901\" srcset=\"https:\/\/www.plastitol.com.br\/wp-content\/uploads\/2023\/06\/brinde-chaveiro-emborrachado4.jpg 901w, https:\/\/www.plastitol.com.br\/wp-content\/uploads\/2023\/06\/brinde-chaveiro-emborrachado4-300x300.jpg 300w, https:\/\/www.plastitol.com.br\/wp-content\/uploads\/2023\/06\/brinde-chaveiro-emborrachado4-150x150.jpg 150w, https:\/\/www.plastitol.com.br\/wp-content\/uploads\/2023\/06\/brinde-chaveiro-emborrachado4-768x768.jpg 768w, https:\/\/www.plastitol.com.br\/wp-content\/uploads\/2023\/06\/brinde-chaveiro-emborrachado4-600x600.jpg 600w, https:\/\/www.plastitol.com.br\/wp-content\/uploads\/2023\/06\/brinde-chaveiro-emborrachado4-100x100.jpg 100w\" sizes=\"auto, (max-width: 901px) 100vw, 901px\" \/><\/figure><\/div>\n<\/div><\/div><\/div>\n<\/div><\/div>\n\n\n\n<div class=\"wp-block-stackable-columns stk-block-columns stk-block stk-4dae409\" data-block-id=\"4dae409\"><div class=\"stk-row stk-inner-blocks stk-block-content stk-content-align stk-4dae409-column\">\n<div class=\"wp-block-stackable-column stk-block-column stk-column stk-block stk-ce837c0\" data-v=\"4\" data-block-id=\"ce837c0\"><style>@media screen and (min-width:768px){.stk-ce837c0{flex:1 1 25% !important}}<\/style><div class=\"stk-column-wrapper stk-block-column__content stk-container stk-ce837c0-container stk--no-background stk--no-padding\"><div class=\"stk-block-content stk-inner-blocks stk-ce837c0-inner-blocks\">\n<div class=\"wp-block-stackable-image stk-block-image stk-block stk-c24e1a4 stk--has-lightbox\" data-block-id=\"c24e1a4\"><figure class=\"stk-img-wrapper stk-image--shape-stretch\"><img loading=\"lazy\" decoding=\"async\" class=\"stk-img wp-image-1019\" src=\"https:\/\/www.ehcomunicacao.com.br\/plastitol\/wp-content\/uploads\/2023\/06\/brinde-chaveiro-emborrachado5.jpg\" width=\"902\" height=\"901\" srcset=\"https:\/\/www.plastitol.com.br\/wp-content\/uploads\/2023\/06\/brinde-chaveiro-emborrachado5.jpg 902w, https:\/\/www.plastitol.com.br\/wp-content\/uploads\/2023\/06\/brinde-chaveiro-emborrachado5-300x300.jpg 300w, https:\/\/www.plastitol.com.br\/wp-content\/uploads\/2023\/06\/brinde-chaveiro-emborrachado5-150x150.jpg 150w, https:\/\/www.plastitol.com.br\/wp-content\/uploads\/2023\/06\/brinde-chaveiro-emborrachado5-768x767.jpg 768w, https:\/\/www.plastitol.com.br\/wp-content\/uploads\/2023\/06\/brinde-chaveiro-emborrachado5-600x599.jpg 600w, https:\/\/www.plastitol.com.br\/wp-content\/uploads\/2023\/06\/brinde-chaveiro-emborrachado5-100x100.jpg 100w\" sizes=\"auto, (max-width: 902px) 100vw, 902px\" \/><\/figure><\/div>\n<\/div><\/div><\/div>\n\n\n\n<div class=\"wp-block-stackable-column stk-block-column stk-column stk-block stk-9d85136\" data-v=\"4\" data-block-id=\"9d85136\"><style>@media screen and (min-width:768px){.stk-9d85136{flex:1 1 25% !important}}<\/style><div class=\"stk-column-wrapper stk-block-column__content stk-container stk-9d85136-container stk--no-background stk--no-padding\"><div class=\"stk-block-content stk-inner-blocks stk-9d85136-inner-blocks\">\n<div class=\"wp-block-stackable-image stk-block-image stk-block stk-8a3fe15 stk--has-lightbox\" data-block-id=\"8a3fe15\"><figure class=\"stk-img-wrapper stk-image--shape-stretch\"><img loading=\"lazy\" decoding=\"async\" class=\"stk-img wp-image-1053\" src=\"https:\/\/www.ehcomunicacao.com.br\/plastitol\/wp-content\/uploads\/2023\/06\/brinde-chaveiro-emborrachado7.jpg\" width=\"901\" height=\"901\" srcset=\"https:\/\/www.plastitol.com.br\/wp-content\/uploads\/2023\/06\/brinde-chaveiro-emborrachado7.jpg 901w, https:\/\/www.plastitol.com.br\/wp-content\/uploads\/2023\/06\/brinde-chaveiro-emborrachado7-300x300.jpg 300w, https:\/\/www.plastitol.com.br\/wp-content\/uploads\/2023\/06\/brinde-chaveiro-emborrachado7-150x150.jpg 150w, https:\/\/www.plastitol.com.br\/wp-content\/uploads\/2023\/06\/brinde-chaveiro-emborrachado7-768x768.jpg 768w, https:\/\/www.plastitol.com.br\/wp-content\/uploads\/2023\/06\/brinde-chaveiro-emborrachado7-600x600.jpg 600w, https:\/\/www.plastitol.com.br\/wp-content\/uploads\/2023\/06\/brinde-chaveiro-emborrachado7-100x100.jpg 100w\" sizes=\"auto, (max-width: 901px) 100vw, 901px\" \/><\/figure><\/div>\n<\/div><\/div><\/div>\n\n\n\n<div class=\"wp-block-stackable-column stk-block-column stk-column stk-block stk-bfc8f4e\" data-v=\"4\" data-block-id=\"bfc8f4e\"><style>@media screen and (min-width:768px){.stk-bfc8f4e{flex:1 1 25% !important}}<\/style><div class=\"stk-column-wrapper stk-block-column__content stk-container stk-bfc8f4e-container stk--no-background stk--no-padding\"><div class=\"stk-block-content stk-inner-blocks stk-bfc8f4e-inner-blocks\">\n<div class=\"wp-block-stackable-image stk-block-image stk-block stk-c19661f stk--has-lightbox\" data-block-id=\"c19661f\"><figure class=\"stk-img-wrapper stk-image--shape-stretch\"><img loading=\"lazy\" decoding=\"async\" class=\"stk-img wp-image-1055\" src=\"https:\/\/www.ehcomunicacao.com.br\/plastitol\/wp-content\/uploads\/2023\/06\/brinde-chaveiro-emborrachado8.jpg\" width=\"901\" height=\"901\" srcset=\"https:\/\/www.plastitol.com.br\/wp-content\/uploads\/2023\/06\/brinde-chaveiro-emborrachado8.jpg 901w, https:\/\/www.plastitol.com.br\/wp-content\/uploads\/2023\/06\/brinde-chaveiro-emborrachado8-300x300.jpg 300w, https:\/\/www.plastitol.com.br\/wp-content\/uploads\/2023\/06\/brinde-chaveiro-emborrachado8-150x150.jpg 150w, https:\/\/www.plastitol.com.br\/wp-content\/uploads\/2023\/06\/brinde-chaveiro-emborrachado8-768x768.jpg 768w, https:\/\/www.plastitol.com.br\/wp-content\/uploads\/2023\/06\/brinde-chaveiro-emborrachado8-600x600.jpg 600w, https:\/\/www.plastitol.com.br\/wp-content\/uploads\/2023\/06\/brinde-chaveiro-emborrachado8-100x100.jpg 100w\" sizes=\"auto, (max-width: 901px) 100vw, 901px\" \/><\/figure><\/div>\n<\/div><\/div><\/div>\n\n\n\n<div class=\"wp-block-stackable-column stk-block-column stk-column stk-block stk-790a028\" data-v=\"4\" data-block-id=\"790a028\"><style>@media screen and (min-width:768px){.stk-790a028{flex:1 1 25% !important}}<\/style><div class=\"stk-column-wrapper stk-block-column__content stk-container stk-790a028-container stk--no-background stk--no-padding\"><div class=\"stk-block-content stk-inner-blocks stk-790a028-inner-blocks\">\n<div class=\"wp-block-stackable-image stk-block-image stk-block stk-a0da62f stk--has-lightbox\" data-block-id=\"a0da62f\"><figure class=\"stk-img-wrapper stk-image--shape-stretch\"><img loading=\"lazy\" decoding=\"async\" class=\"stk-img wp-image-1054\" src=\"https:\/\/www.ehcomunicacao.com.br\/plastitol\/wp-content\/uploads\/2023\/06\/brinde-chaveiro-emborrachado-6.jpg\" width=\"901\" height=\"901\" srcset=\"https:\/\/www.plastitol.com.br\/wp-content\/uploads\/2023\/06\/brinde-chaveiro-emborrachado-6.jpg 901w, https:\/\/www.plastitol.com.br\/wp-content\/uploads\/2023\/06\/brinde-chaveiro-emborrachado-6-300x300.jpg 300w, https:\/\/www.plastitol.com.br\/wp-content\/uploads\/2023\/06\/brinde-chaveiro-emborrachado-6-150x150.jpg 150w, https:\/\/www.plastitol.com.br\/wp-content\/uploads\/2023\/06\/brinde-chaveiro-emborrachado-6-768x768.jpg 768w, https:\/\/www.plastitol.com.br\/wp-content\/uploads\/2023\/06\/brinde-chaveiro-emborrachado-6-600x600.jpg 600w, https:\/\/www.plastitol.com.br\/wp-content\/uploads\/2023\/06\/brinde-chaveiro-emborrachado-6-100x100.jpg 100w\" sizes=\"auto, (max-width: 901px) 100vw, 901px\" \/><\/figure><\/div>\n<\/div><\/div><\/div>\n<\/div><\/div>\n\n\n\n<div class=\"wp-block-stackable-columns stk-block-columns stk-block stk-d5712a5\" data-block-id=\"d5712a5\"><div class=\"stk-row stk-inner-blocks stk-block-content stk-content-align stk-d5712a5-column\">\n<div class=\"wp-block-stackable-column stk-block-column stk-column stk-block stk-ba5f0a7\" data-v=\"4\" data-block-id=\"ba5f0a7\"><style>@media screen and (min-width:768px){.stk-ba5f0a7{flex:1 1 25% !important}}<\/style><div class=\"stk-column-wrapper stk-block-column__content stk-container stk-ba5f0a7-container stk--no-background stk--no-padding\"><div class=\"stk-block-content stk-inner-blocks stk-ba5f0a7-inner-blocks\">\n<div class=\"wp-block-stackable-image stk-block-image stk-block stk-c7123a6 stk--has-lightbox\" data-block-id=\"c7123a6\"><figure class=\"stk-img-wrapper stk-image--shape-stretch\"><img loading=\"lazy\" decoding=\"async\" class=\"stk-img wp-image-1081\" src=\"https:\/\/www.ehcomunicacao.com.br\/plastitol\/wp-content\/uploads\/2023\/06\/brinde-chaveiro-emborrachado12.jpg\" width=\"901\" height=\"901\" srcset=\"https:\/\/www.plastitol.com.br\/wp-content\/uploads\/2023\/06\/brinde-chaveiro-emborrachado12.jpg 901w, https:\/\/www.plastitol.com.br\/wp-content\/uploads\/2023\/06\/brinde-chaveiro-emborrachado12-300x300.jpg 300w, https:\/\/www.plastitol.com.br\/wp-content\/uploads\/2023\/06\/brinde-chaveiro-emborrachado12-150x150.jpg 150w, https:\/\/www.plastitol.com.br\/wp-content\/uploads\/2023\/06\/brinde-chaveiro-emborrachado12-768x768.jpg 768w, https:\/\/www.plastitol.com.br\/wp-content\/uploads\/2023\/06\/brinde-chaveiro-emborrachado12-600x600.jpg 600w, https:\/\/www.plastitol.com.br\/wp-content\/uploads\/2023\/06\/brinde-chaveiro-emborrachado12-100x100.jpg 100w\" sizes=\"auto, (max-width: 901px) 100vw, 901px\" \/><\/figure><\/div>\n<\/div><\/div><\/div>\n\n\n\n<div class=\"wp-block-stackable-column stk-block-column stk-column stk-block stk-9cb9e5c\" data-v=\"4\" data-block-id=\"9cb9e5c\"><style>@media screen and (min-width:768px){.stk-9cb9e5c{flex:1 1 25% !important}}<\/style><div class=\"stk-column-wrapper stk-block-column__content stk-container stk-9cb9e5c-container stk--no-background stk--no-padding\"><div class=\"stk-block-content stk-inner-blocks stk-9cb9e5c-inner-blocks\">\n<div class=\"wp-block-stackable-image stk-block-image stk-block stk-3e5b1ac stk--has-lightbox\" data-block-id=\"3e5b1ac\"><figure class=\"stk-img-wrapper stk-image--shape-stretch\"><img loading=\"lazy\" decoding=\"async\" class=\"stk-img wp-image-1080\" src=\"https:\/\/www.ehcomunicacao.com.br\/plastitol\/wp-content\/uploads\/2023\/06\/brinde-chaveiro-emborrachado11.jpg\" width=\"901\" height=\"901\" srcset=\"https:\/\/www.plastitol.com.br\/wp-content\/uploads\/2023\/06\/brinde-chaveiro-emborrachado11.jpg 901w, https:\/\/www.plastitol.com.br\/wp-content\/uploads\/2023\/06\/brinde-chaveiro-emborrachado11-300x300.jpg 300w, https:\/\/www.plastitol.com.br\/wp-content\/uploads\/2023\/06\/brinde-chaveiro-emborrachado11-150x150.jpg 150w, https:\/\/www.plastitol.com.br\/wp-content\/uploads\/2023\/06\/brinde-chaveiro-emborrachado11-768x768.jpg 768w, https:\/\/www.plastitol.com.br\/wp-content\/uploads\/2023\/06\/brinde-chaveiro-emborrachado11-600x600.jpg 600w, https:\/\/www.plastitol.com.br\/wp-content\/uploads\/2023\/06\/brinde-chaveiro-emborrachado11-100x100.jpg 100w\" sizes=\"auto, (max-width: 901px) 100vw, 901px\" \/><\/figure><\/div>\n<\/div><\/div><\/div>\n\n\n\n<div class=\"wp-block-stackable-column stk-block-column stk-column stk-block stk-9bbcdee\" data-v=\"4\" data-block-id=\"9bbcdee\"><style>@media screen and (min-width:768px){.stk-9bbcdee{flex:1 1 25% !important}}<\/style><div class=\"stk-column-wrapper stk-block-column__content stk-container stk-9bbcdee-container stk--no-background stk--no-padding\"><div class=\"stk-block-content stk-inner-blocks stk-9bbcdee-inner-blocks\">\n<div class=\"wp-block-stackable-image stk-block-image stk-block stk-ce75fd9 stk--has-lightbox\" data-block-id=\"ce75fd9\"><figure class=\"stk-img-wrapper stk-image--shape-stretch\"><img loading=\"lazy\" decoding=\"async\" class=\"stk-img wp-image-1079\" src=\"https:\/\/www.ehcomunicacao.com.br\/plastitol\/wp-content\/uploads\/2023\/06\/brinde-chaveiro-emborrachado10.jpg\" width=\"901\" height=\"901\" srcset=\"https:\/\/www.plastitol.com.br\/wp-content\/uploads\/2023\/06\/brinde-chaveiro-emborrachado10.jpg 901w, https:\/\/www.plastitol.com.br\/wp-content\/uploads\/2023\/06\/brinde-chaveiro-emborrachado10-300x300.jpg 300w, https:\/\/www.plastitol.com.br\/wp-content\/uploads\/2023\/06\/brinde-chaveiro-emborrachado10-150x150.jpg 150w, https:\/\/www.plastitol.com.br\/wp-content\/uploads\/2023\/06\/brinde-chaveiro-emborrachado10-768x768.jpg 768w, https:\/\/www.plastitol.com.br\/wp-content\/uploads\/2023\/06\/brinde-chaveiro-emborrachado10-600x600.jpg 600w, https:\/\/www.plastitol.com.br\/wp-content\/uploads\/2023\/06\/brinde-chaveiro-emborrachado10-100x100.jpg 100w\" sizes=\"auto, (max-width: 901px) 100vw, 901px\" \/><\/figure><\/div>\n<\/div><\/div><\/div>\n\n\n\n<div class=\"wp-block-stackable-column stk-block-column stk-column stk-block stk-525b339\" data-v=\"4\" data-block-id=\"525b339\"><style>@media screen and (min-width:768px){.stk-525b339{flex:1 1 25% !important}}<\/style><div class=\"stk-column-wrapper stk-block-column__content stk-container stk-525b339-container stk--no-background stk--no-padding\"><div class=\"stk-block-content stk-inner-blocks stk-525b339-inner-blocks\">\n<div class=\"wp-block-stackable-image stk-block-image stk-block stk-bd0246e stk--has-lightbox\" data-block-id=\"bd0246e\"><figure class=\"stk-img-wrapper stk-image--shape-stretch\"><img loading=\"lazy\" decoding=\"async\" class=\"stk-img wp-image-1078\" src=\"https:\/\/www.ehcomunicacao.com.br\/plastitol\/wp-content\/uploads\/2023\/06\/brinde-chaveiro-emborrachado9.jpg\" width=\"901\" height=\"901\" srcset=\"https:\/\/www.plastitol.com.br\/wp-content\/uploads\/2023\/06\/brinde-chaveiro-emborrachado9.jpg 901w, https:\/\/www.plastitol.com.br\/wp-content\/uploads\/2023\/06\/brinde-chaveiro-emborrachado9-300x300.jpg 300w, https:\/\/www.plastitol.com.br\/wp-content\/uploads\/2023\/06\/brinde-chaveiro-emborrachado9-150x150.jpg 150w, https:\/\/www.plastitol.com.br\/wp-content\/uploads\/2023\/06\/brinde-chaveiro-emborrachado9-768x768.jpg 768w, https:\/\/www.plastitol.com.br\/wp-content\/uploads\/2023\/06\/brinde-chaveiro-emborrachado9-600x600.jpg 600w, https:\/\/www.plastitol.com.br\/wp-content\/uploads\/2023\/06\/brinde-chaveiro-emborrachado9-100x100.jpg 100w\" sizes=\"auto, (max-width: 901px) 100vw, 901px\" \/><\/figure><\/div>\n<\/div><\/div><\/div>\n<\/div><\/div>\n","protected":false},"excerpt":{"rendered":"<p>Material: PVC flex\u00edvel at\u00f3xico e de alta durabilidadeTipo: maci\u00e7oImpress\u00e3o: em alto relevo emborrachado ou silk screem nas duas faces do chaveiroFormatos: pode ser feito qualquer formato (formatos j\u00e1 existentes na empresa, como redondo, retangular, quadrado, cora\u00e7\u00e3o, entre muitos outros, proporcionam menores valores pela dispensa de ferramental de corte. Formatos especiais podem ser desenvolvidos pela empresa)Acabamentos: [&hellip;]<\/p>\n","protected":false},"author":1,"featured_media":0,"parent":0,"menu_order":0,"comment_status":"closed","ping_status":"closed","template":"","meta":{"footnotes":""},"class_list":["post-755","page","type-page","status-publish","hentry"],"blocksy_meta":{"page_structure_type":"type-1"},"featured_image_urls":{"full":"","thumbnail":"","medium":"","medium_large":"","large":"","1536x1536":"","2048x2048":""},"post_excerpt_stackable":"<p>Material: PVC flex\u00edvel at\u00f3xico e de alta durabilidadeTipo: maci\u00e7oImpress\u00e3o: em alto relevo emborrachado ou silk screem nas duas faces do chaveiroFormatos: pode ser feito qualquer formato (formatos j\u00e1 existentes na empresa, como redondo, retangular, quadrado, cora\u00e7\u00e3o, entre muitos outros, proporcionam menores valores pela dispensa de ferramental de corte. Formatos especiais podem ser desenvolvidos pela empresa)Acabamentos: cord\u00e3o de nylon, cord\u00e3o de metal, presilha, com argola ou mosquet\u00e3o.Cores: produzimos em qualquer cor, utilizando o padr\u00e3o Pantone.<\/p>\n","category_list":"","author_info":{"name":"plastitol","url":"https:\/\/www.plastitol.com.br\/?author=1"},"comments_num":"0 coment\u00e1rio","jetpack_sharing_enabled":true,"_links":{"self":[{"href":"https:\/\/www.plastitol.com.br\/index.php?rest_route=\/wp\/v2\/pages\/755","targetHints":{"allow":["GET"]}}],"collection":[{"href":"https:\/\/www.plastitol.com.br\/index.php?rest_route=\/wp\/v2\/pages"}],"about":[{"href":"https:\/\/www.plastitol.com.br\/index.php?rest_route=\/wp\/v2\/types\/page"}],"author":[{"embeddable":true,"href":"https:\/\/www.plastitol.com.br\/index.php?rest_route=\/wp\/v2\/users\/1"}],"replies":[{"embeddable":true,"href":"https:\/\/www.plastitol.com.br\/index.php?rest_route=%2Fwp%2Fv2%2Fcomments&post=755"}],"version-history":[{"count":7,"href":"https:\/\/www.plastitol.com.br\/index.php?rest_route=\/wp\/v2\/pages\/755\/revisions"}],"predecessor-version":[{"id":1083,"href":"https:\/\/www.plastitol.com.br\/index.php?rest_route=\/wp\/v2\/pages\/755\/revisions\/1083"}],"wp:attachment":[{"href":"https:\/\/www.plastitol.com.br\/index.php?rest_route=%2Fwp%2Fv2%2Fmedia&parent=755"}],"curies":[{"name":"wp","href":"https:\/\/api.w.org\/{rel}","templated":true}]}}