{"id":753,"date":"2023-06-21T17:07:30","date_gmt":"2023-06-21T20:07:30","guid":{"rendered":"https:\/\/www.ehcomunicacao.com.br\/plastitol\/?page_id=753"},"modified":"2023-06-23T12:23:45","modified_gmt":"2023-06-23T15:23:45","slug":"chaveiro-flutuante-silkado","status":"publish","type":"page","link":"https:\/\/www.plastitol.com.br\/?page_id=753","title":{"rendered":"Chaveiro Flutuante Silkado"},"content":{"rendered":"\n<p><strong>Material<\/strong>: PVC flex\u00edvel at\u00f3xico e de alta durabilidade<br><strong>Tipo<\/strong>: flutuante<br><strong>Impress\u00e3o<\/strong>: em silk screem nas duas faces do chaveiro<br><strong>Formatos<\/strong>: pode ser feito qualquer formato (formatos j\u00e1 existentes na empresa, como redondo, retangular, quadrado, cora\u00e7\u00e3o, entre muitos outros, proporcionam menores valores pela dispensa de ferramental de corte. Formatos especiais podem ser desenvolvidos pela empresa)<br><strong>Acabamentos<\/strong>: cord\u00e3o de nylon, cord\u00e3o de metal, presilha, com argola ou mosquet\u00e3o.<br><strong>Cores<\/strong>: produzimos em qualquer cor, utilizando o padr\u00e3o Pantone.<\/p>\n\n\n\n<div class=\"wp-block-stackable-columns stk-block-columns stk-block stk-712d850\" data-block-id=\"712d850\"><div class=\"stk-row stk-inner-blocks stk-block-content stk-content-align stk-712d850-column\">\n<div class=\"wp-block-stackable-column stk-block-column stk-column stk-block stk-1542e0d\" data-v=\"4\" data-block-id=\"1542e0d\"><style>@media screen and (min-width:768px){.stk-1542e0d{flex:1 1 25% !important}}<\/style><div class=\"stk-column-wrapper stk-block-column__content stk-container stk-1542e0d-container stk--no-background stk--no-padding\"><div class=\"stk-block-content stk-inner-blocks stk-1542e0d-inner-blocks\">\n<div class=\"wp-block-stackable-image stk-block-image stk-block stk-3049924 stk--has-lightbox\" data-block-id=\"3049924\"><style>.stk-3049924 .stk-img-wrapper{width:100% !important;height:223px !important}<\/style><figure class=\"stk-img-wrapper stk-image--shape-stretch\"><img loading=\"lazy\" decoding=\"async\" class=\"stk-img wp-image-1006\" src=\"https:\/\/www.ehcomunicacao.com.br\/plastitol\/wp-content\/uploads\/2023\/06\/brindes-chaveiro-flutuante-silkado-5.jpg\" width=\"901\" height=\"901\" srcset=\"https:\/\/www.plastitol.com.br\/wp-content\/uploads\/2023\/06\/brindes-chaveiro-flutuante-silkado-5.jpg 901w, https:\/\/www.plastitol.com.br\/wp-content\/uploads\/2023\/06\/brindes-chaveiro-flutuante-silkado-5-300x300.jpg 300w, https:\/\/www.plastitol.com.br\/wp-content\/uploads\/2023\/06\/brindes-chaveiro-flutuante-silkado-5-150x150.jpg 150w, https:\/\/www.plastitol.com.br\/wp-content\/uploads\/2023\/06\/brindes-chaveiro-flutuante-silkado-5-768x768.jpg 768w, https:\/\/www.plastitol.com.br\/wp-content\/uploads\/2023\/06\/brindes-chaveiro-flutuante-silkado-5-600x600.jpg 600w, https:\/\/www.plastitol.com.br\/wp-content\/uploads\/2023\/06\/brindes-chaveiro-flutuante-silkado-5-100x100.jpg 100w\" sizes=\"auto, (max-width: 901px) 100vw, 901px\" \/><\/figure><\/div>\n<\/div><\/div><\/div>\n\n\n\n<div class=\"wp-block-stackable-column stk-block-column stk-column stk-block stk-780b923\" data-v=\"4\" data-block-id=\"780b923\"><style>@media screen and (min-width:768px){.stk-780b923{flex:1 1 25% !important}}<\/style><div class=\"stk-column-wrapper stk-block-column__content stk-container stk-780b923-container stk--no-background stk--no-padding\"><div class=\"stk-block-content stk-inner-blocks stk-780b923-inner-blocks\">\n<div class=\"wp-block-stackable-image stk-block-image stk-block stk-97e0cbb stk--has-lightbox\" data-block-id=\"97e0cbb\"><style>.stk-97e0cbb .stk-img-wrapper{width:100% !important;height:223px !important}<\/style><figure class=\"stk-img-wrapper stk-image--shape-stretch\"><img loading=\"lazy\" decoding=\"async\" class=\"stk-img wp-image-1002\" src=\"https:\/\/www.ehcomunicacao.com.br\/plastitol\/wp-content\/uploads\/2023\/06\/brindes-chaveiro-flutuante-silkado-1.jpg\" width=\"901\" height=\"901\" srcset=\"https:\/\/www.plastitol.com.br\/wp-content\/uploads\/2023\/06\/brindes-chaveiro-flutuante-silkado-1.jpg 901w, https:\/\/www.plastitol.com.br\/wp-content\/uploads\/2023\/06\/brindes-chaveiro-flutuante-silkado-1-300x300.jpg 300w, https:\/\/www.plastitol.com.br\/wp-content\/uploads\/2023\/06\/brindes-chaveiro-flutuante-silkado-1-150x150.jpg 150w, https:\/\/www.plastitol.com.br\/wp-content\/uploads\/2023\/06\/brindes-chaveiro-flutuante-silkado-1-768x768.jpg 768w, https:\/\/www.plastitol.com.br\/wp-content\/uploads\/2023\/06\/brindes-chaveiro-flutuante-silkado-1-600x600.jpg 600w, https:\/\/www.plastitol.com.br\/wp-content\/uploads\/2023\/06\/brindes-chaveiro-flutuante-silkado-1-100x100.jpg 100w\" sizes=\"auto, (max-width: 901px) 100vw, 901px\" \/><\/figure><\/div>\n<\/div><\/div><\/div>\n\n\n\n<div class=\"wp-block-stackable-column stk-block-column stk-column stk-block stk-70dd5fc\" data-v=\"4\" data-block-id=\"70dd5fc\"><style>@media screen and (min-width:768px){.stk-70dd5fc{flex:1 1 25% !important}}<\/style><div class=\"stk-column-wrapper stk-block-column__content stk-container stk-70dd5fc-container stk--no-background stk--no-padding\"><div class=\"stk-block-content stk-inner-blocks stk-70dd5fc-inner-blocks\">\n<div class=\"wp-block-stackable-image stk-block-image stk-block stk-c0a2645 stk--has-lightbox\" data-block-id=\"c0a2645\"><style>.stk-c0a2645 .stk-img-wrapper{width:100% !important;height:223px !important}<\/style><figure class=\"stk-img-wrapper stk-image--shape-stretch\"><img loading=\"lazy\" decoding=\"async\" class=\"stk-img wp-image-1003\" src=\"https:\/\/www.ehcomunicacao.com.br\/plastitol\/wp-content\/uploads\/2023\/06\/brindes-chaveiro-flutuante-silkado-2.jpg\" width=\"901\" height=\"901\" srcset=\"https:\/\/www.plastitol.com.br\/wp-content\/uploads\/2023\/06\/brindes-chaveiro-flutuante-silkado-2.jpg 901w, https:\/\/www.plastitol.com.br\/wp-content\/uploads\/2023\/06\/brindes-chaveiro-flutuante-silkado-2-300x300.jpg 300w, https:\/\/www.plastitol.com.br\/wp-content\/uploads\/2023\/06\/brindes-chaveiro-flutuante-silkado-2-150x150.jpg 150w, https:\/\/www.plastitol.com.br\/wp-content\/uploads\/2023\/06\/brindes-chaveiro-flutuante-silkado-2-768x768.jpg 768w, https:\/\/www.plastitol.com.br\/wp-content\/uploads\/2023\/06\/brindes-chaveiro-flutuante-silkado-2-600x600.jpg 600w, https:\/\/www.plastitol.com.br\/wp-content\/uploads\/2023\/06\/brindes-chaveiro-flutuante-silkado-2-100x100.jpg 100w\" sizes=\"auto, (max-width: 901px) 100vw, 901px\" \/><\/figure><\/div>\n<\/div><\/div><\/div>\n\n\n\n<div class=\"wp-block-stackable-column stk-block-column stk-column stk-block stk-e5a48d0\" data-v=\"4\" data-block-id=\"e5a48d0\"><style>@media screen and (min-width:768px){.stk-e5a48d0{flex:1 1 25% !important}}<\/style><div class=\"stk-column-wrapper stk-block-column__content stk-container stk-e5a48d0-container stk--no-background stk--no-padding\"><div class=\"stk-block-content stk-inner-blocks stk-e5a48d0-inner-blocks\">\n<div class=\"wp-block-stackable-image stk-block-image stk-block stk-1780f66 stk--has-lightbox\" data-block-id=\"1780f66\"><style>.stk-1780f66 .stk-img-wrapper{width:100% !important;height:223px !important}<\/style><figure class=\"stk-img-wrapper stk-image--shape-stretch\"><img loading=\"lazy\" decoding=\"async\" class=\"stk-img wp-image-1004\" src=\"https:\/\/www.ehcomunicacao.com.br\/plastitol\/wp-content\/uploads\/2023\/06\/brindes-chaveiro-flutuante-silkado-3.jpg\" width=\"901\" height=\"901\" srcset=\"https:\/\/www.plastitol.com.br\/wp-content\/uploads\/2023\/06\/brindes-chaveiro-flutuante-silkado-3.jpg 901w, https:\/\/www.plastitol.com.br\/wp-content\/uploads\/2023\/06\/brindes-chaveiro-flutuante-silkado-3-300x300.jpg 300w, https:\/\/www.plastitol.com.br\/wp-content\/uploads\/2023\/06\/brindes-chaveiro-flutuante-silkado-3-150x150.jpg 150w, https:\/\/www.plastitol.com.br\/wp-content\/uploads\/2023\/06\/brindes-chaveiro-flutuante-silkado-3-768x768.jpg 768w, https:\/\/www.plastitol.com.br\/wp-content\/uploads\/2023\/06\/brindes-chaveiro-flutuante-silkado-3-600x600.jpg 600w, https:\/\/www.plastitol.com.br\/wp-content\/uploads\/2023\/06\/brindes-chaveiro-flutuante-silkado-3-100x100.jpg 100w\" sizes=\"auto, (max-width: 901px) 100vw, 901px\" \/><\/figure><\/div>\n<\/div><\/div><\/div>\n<\/div><\/div>\n\n\n\n<div class=\"wp-block-stackable-columns stk-block-columns stk-block stk-1954f0f\" data-block-id=\"1954f0f\"><div class=\"stk-row stk-inner-blocks stk-block-content stk-content-align stk-1954f0f-column\">\n<div class=\"wp-block-stackable-column stk-block-column stk-column stk-block stk-8a6ba24\" data-v=\"4\" data-block-id=\"8a6ba24\"><style>@media screen and (min-width:768px){.stk-8a6ba24{flex:1 1 25% !important}}<\/style><div class=\"stk-column-wrapper stk-block-column__content stk-container stk-8a6ba24-container stk--no-background stk--no-padding\"><div class=\"stk-block-content stk-inner-blocks stk-8a6ba24-inner-blocks\">\n<div class=\"wp-block-stackable-image stk-block-image stk-block stk-898f3f7 stk--has-lightbox\" data-block-id=\"898f3f7\"><style>.stk-898f3f7 .stk-img-wrapper{width:100% !important;height:223px !important}<\/style><figure class=\"stk-img-wrapper stk-image--shape-stretch\"><img loading=\"lazy\" decoding=\"async\" class=\"stk-img wp-image-1005\" src=\"https:\/\/www.ehcomunicacao.com.br\/plastitol\/wp-content\/uploads\/2023\/06\/brindes-chaveiro-flutuante-silkado-4.jpg\" width=\"901\" height=\"901\" srcset=\"https:\/\/www.plastitol.com.br\/wp-content\/uploads\/2023\/06\/brindes-chaveiro-flutuante-silkado-4.jpg 901w, https:\/\/www.plastitol.com.br\/wp-content\/uploads\/2023\/06\/brindes-chaveiro-flutuante-silkado-4-300x300.jpg 300w, https:\/\/www.plastitol.com.br\/wp-content\/uploads\/2023\/06\/brindes-chaveiro-flutuante-silkado-4-150x150.jpg 150w, https:\/\/www.plastitol.com.br\/wp-content\/uploads\/2023\/06\/brindes-chaveiro-flutuante-silkado-4-768x768.jpg 768w, https:\/\/www.plastitol.com.br\/wp-content\/uploads\/2023\/06\/brindes-chaveiro-flutuante-silkado-4-600x600.jpg 600w, https:\/\/www.plastitol.com.br\/wp-content\/uploads\/2023\/06\/brindes-chaveiro-flutuante-silkado-4-100x100.jpg 100w\" sizes=\"auto, (max-width: 901px) 100vw, 901px\" \/><\/figure><\/div>\n<\/div><\/div><\/div>\n\n\n\n<div class=\"wp-block-stackable-column stk-block-column stk-column stk-block stk-048dec1\" data-v=\"4\" data-block-id=\"048dec1\"><style>@media screen and (min-width:768px){.stk-048dec1{flex:1 1 25% !important}}<\/style><div class=\"stk-column-wrapper stk-block-column__content stk-container stk-048dec1-container stk--no-background stk--no-padding\"><div class=\"stk-block-content stk-inner-blocks stk-048dec1-inner-blocks\">\n<div class=\"wp-block-stackable-image stk-block-image stk-block stk-1073b25 stk--has-lightbox\" data-block-id=\"1073b25\"><style>.stk-1073b25 .stk-img-wrapper{width:100% !important;height:223px !important}<\/style><figure class=\"stk-img-wrapper stk-image--shape-stretch\"><img loading=\"lazy\" decoding=\"async\" class=\"stk-img wp-image-1007\" src=\"https:\/\/www.ehcomunicacao.com.br\/plastitol\/wp-content\/uploads\/2023\/06\/brindes-chaveiro-flutuante-silkado-6.jpg\" width=\"901\" height=\"901\" srcset=\"https:\/\/www.plastitol.com.br\/wp-content\/uploads\/2023\/06\/brindes-chaveiro-flutuante-silkado-6.jpg 901w, https:\/\/www.plastitol.com.br\/wp-content\/uploads\/2023\/06\/brindes-chaveiro-flutuante-silkado-6-300x300.jpg 300w, https:\/\/www.plastitol.com.br\/wp-content\/uploads\/2023\/06\/brindes-chaveiro-flutuante-silkado-6-150x150.jpg 150w, https:\/\/www.plastitol.com.br\/wp-content\/uploads\/2023\/06\/brindes-chaveiro-flutuante-silkado-6-768x768.jpg 768w, https:\/\/www.plastitol.com.br\/wp-content\/uploads\/2023\/06\/brindes-chaveiro-flutuante-silkado-6-600x600.jpg 600w, https:\/\/www.plastitol.com.br\/wp-content\/uploads\/2023\/06\/brindes-chaveiro-flutuante-silkado-6-100x100.jpg 100w\" sizes=\"auto, (max-width: 901px) 100vw, 901px\" \/><\/figure><\/div>\n<\/div><\/div><\/div>\n\n\n\n<div class=\"wp-block-stackable-column stk-block-column stk-column stk-block stk-817b1bb\" data-v=\"4\" data-block-id=\"817b1bb\"><style>@media screen and (min-width:768px){.stk-817b1bb{flex:1 1 25% !important}}<\/style><div class=\"stk-column-wrapper stk-block-column__content stk-container stk-817b1bb-container stk--no-background stk--no-padding\"><div class=\"stk-block-content stk-inner-blocks stk-817b1bb-inner-blocks\">\n<div class=\"wp-block-stackable-image stk-block-image stk-block stk-afe8cac stk--has-lightbox\" data-block-id=\"afe8cac\"><style>.stk-afe8cac .stk-img-wrapper{width:100% !important;height:223px !important}<\/style><figure class=\"stk-img-wrapper stk-image--shape-stretch\"><img loading=\"lazy\" decoding=\"async\" class=\"stk-img wp-image-1008\" src=\"https:\/\/www.ehcomunicacao.com.br\/plastitol\/wp-content\/uploads\/2023\/06\/brindes-chaveiro-flutuante-silkado-7.jpg\" width=\"901\" height=\"901\" srcset=\"https:\/\/www.plastitol.com.br\/wp-content\/uploads\/2023\/06\/brindes-chaveiro-flutuante-silkado-7.jpg 901w, https:\/\/www.plastitol.com.br\/wp-content\/uploads\/2023\/06\/brindes-chaveiro-flutuante-silkado-7-300x300.jpg 300w, https:\/\/www.plastitol.com.br\/wp-content\/uploads\/2023\/06\/brindes-chaveiro-flutuante-silkado-7-150x150.jpg 150w, https:\/\/www.plastitol.com.br\/wp-content\/uploads\/2023\/06\/brindes-chaveiro-flutuante-silkado-7-768x768.jpg 768w, https:\/\/www.plastitol.com.br\/wp-content\/uploads\/2023\/06\/brindes-chaveiro-flutuante-silkado-7-600x600.jpg 600w, https:\/\/www.plastitol.com.br\/wp-content\/uploads\/2023\/06\/brindes-chaveiro-flutuante-silkado-7-100x100.jpg 100w\" sizes=\"auto, (max-width: 901px) 100vw, 901px\" \/><\/figure><\/div>\n<\/div><\/div><\/div>\n\n\n\n<div class=\"wp-block-stackable-column stk-block-column stk-column stk-block stk-2c563db\" data-v=\"4\" data-block-id=\"2c563db\"><style>@media screen and (min-width:768px){.stk-2c563db{flex:1 1 25% !important}}<\/style><div class=\"stk-column-wrapper stk-block-column__content stk-container stk-2c563db-container stk--no-background stk--no-padding\"><div class=\"stk-block-content stk-inner-blocks stk-2c563db-inner-blocks\">\n<div class=\"wp-block-stackable-image stk-block-image stk-block stk-df3c81e stk--has-lightbox\" data-block-id=\"df3c81e\"><style>.stk-df3c81e .stk-img-wrapper{width:100% !important;height:223px !important}<\/style><figure class=\"stk-img-wrapper stk-image--shape-stretch\"><img loading=\"lazy\" decoding=\"async\" class=\"stk-img wp-image-1009\" src=\"https:\/\/www.ehcomunicacao.com.br\/plastitol\/wp-content\/uploads\/2023\/06\/brindes-chaveiro-flutuante-silkado-8.jpg\" width=\"901\" height=\"901\" srcset=\"https:\/\/www.plastitol.com.br\/wp-content\/uploads\/2023\/06\/brindes-chaveiro-flutuante-silkado-8.jpg 901w, https:\/\/www.plastitol.com.br\/wp-content\/uploads\/2023\/06\/brindes-chaveiro-flutuante-silkado-8-300x300.jpg 300w, https:\/\/www.plastitol.com.br\/wp-content\/uploads\/2023\/06\/brindes-chaveiro-flutuante-silkado-8-150x150.jpg 150w, https:\/\/www.plastitol.com.br\/wp-content\/uploads\/2023\/06\/brindes-chaveiro-flutuante-silkado-8-768x768.jpg 768w, https:\/\/www.plastitol.com.br\/wp-content\/uploads\/2023\/06\/brindes-chaveiro-flutuante-silkado-8-600x600.jpg 600w, https:\/\/www.plastitol.com.br\/wp-content\/uploads\/2023\/06\/brindes-chaveiro-flutuante-silkado-8-100x100.jpg 100w\" sizes=\"auto, (max-width: 901px) 100vw, 901px\" \/><\/figure><\/div>\n<\/div><\/div><\/div>\n<\/div><\/div>\n\n\n\n<div class=\"wp-block-stackable-columns stk-block-columns stk-block stk-7666e3d\" data-block-id=\"7666e3d\"><div class=\"stk-row stk-inner-blocks stk-block-content stk-content-align stk-7666e3d-column\">\n<div class=\"wp-block-stackable-column stk-block-column stk-column stk-block stk-aa86cf0\" data-v=\"4\" data-block-id=\"aa86cf0\"><style>@media screen and (min-width:768px){.stk-aa86cf0{flex:1 1 25% !important}}<\/style><div class=\"stk-column-wrapper stk-block-column__content stk-container stk-aa86cf0-container stk--no-background stk--no-padding\"><div class=\"stk-block-content stk-inner-blocks stk-aa86cf0-inner-blocks\">\n<div class=\"wp-block-stackable-image stk-block-image stk-block stk-2b15a4b stk--has-lightbox\" data-block-id=\"2b15a4b\"><style>.stk-2b15a4b .stk-img-wrapper{width:100% !important;height:223px !important}<\/style><figure class=\"stk-img-wrapper stk-image--shape-stretch\"><img loading=\"lazy\" decoding=\"async\" class=\"stk-img wp-image-1075\" src=\"https:\/\/www.ehcomunicacao.com.br\/plastitol\/wp-content\/uploads\/2023\/06\/brindes-chaveiro-flutuante-silkado-12.jpg\" width=\"901\" height=\"901\" srcset=\"https:\/\/www.plastitol.com.br\/wp-content\/uploads\/2023\/06\/brindes-chaveiro-flutuante-silkado-12.jpg 901w, https:\/\/www.plastitol.com.br\/wp-content\/uploads\/2023\/06\/brindes-chaveiro-flutuante-silkado-12-300x300.jpg 300w, https:\/\/www.plastitol.com.br\/wp-content\/uploads\/2023\/06\/brindes-chaveiro-flutuante-silkado-12-150x150.jpg 150w, https:\/\/www.plastitol.com.br\/wp-content\/uploads\/2023\/06\/brindes-chaveiro-flutuante-silkado-12-768x768.jpg 768w, https:\/\/www.plastitol.com.br\/wp-content\/uploads\/2023\/06\/brindes-chaveiro-flutuante-silkado-12-600x600.jpg 600w, https:\/\/www.plastitol.com.br\/wp-content\/uploads\/2023\/06\/brindes-chaveiro-flutuante-silkado-12-100x100.jpg 100w\" sizes=\"auto, (max-width: 901px) 100vw, 901px\" \/><\/figure><\/div>\n<\/div><\/div><\/div>\n\n\n\n<div class=\"wp-block-stackable-column stk-block-column stk-column stk-block stk-ee75f99\" data-v=\"4\" data-block-id=\"ee75f99\"><style>@media screen and (min-width:768px){.stk-ee75f99{flex:1 1 25% !important}}<\/style><div class=\"stk-column-wrapper stk-block-column__content stk-container stk-ee75f99-container stk--no-background stk--no-padding\"><div class=\"stk-block-content stk-inner-blocks stk-ee75f99-inner-blocks\">\n<div class=\"wp-block-stackable-image stk-block-image stk-block stk-486c1a6 stk--has-lightbox\" data-block-id=\"486c1a6\"><style>.stk-486c1a6 .stk-img-wrapper{width:100% !important;height:223px !important}<\/style><figure class=\"stk-img-wrapper stk-image--shape-stretch\"><img loading=\"lazy\" decoding=\"async\" class=\"stk-img wp-image-1074\" src=\"https:\/\/www.ehcomunicacao.com.br\/plastitol\/wp-content\/uploads\/2023\/06\/brindes-chaveiro-flutuante-silkado-11.jpg\" width=\"901\" height=\"901\" srcset=\"https:\/\/www.plastitol.com.br\/wp-content\/uploads\/2023\/06\/brindes-chaveiro-flutuante-silkado-11.jpg 901w, https:\/\/www.plastitol.com.br\/wp-content\/uploads\/2023\/06\/brindes-chaveiro-flutuante-silkado-11-300x300.jpg 300w, https:\/\/www.plastitol.com.br\/wp-content\/uploads\/2023\/06\/brindes-chaveiro-flutuante-silkado-11-150x150.jpg 150w, https:\/\/www.plastitol.com.br\/wp-content\/uploads\/2023\/06\/brindes-chaveiro-flutuante-silkado-11-768x768.jpg 768w, https:\/\/www.plastitol.com.br\/wp-content\/uploads\/2023\/06\/brindes-chaveiro-flutuante-silkado-11-600x600.jpg 600w, https:\/\/www.plastitol.com.br\/wp-content\/uploads\/2023\/06\/brindes-chaveiro-flutuante-silkado-11-100x100.jpg 100w\" sizes=\"auto, (max-width: 901px) 100vw, 901px\" \/><\/figure><\/div>\n<\/div><\/div><\/div>\n\n\n\n<div class=\"wp-block-stackable-column stk-block-column stk-column stk-block stk-f3aa695\" data-v=\"4\" data-block-id=\"f3aa695\"><style>@media screen and (min-width:768px){.stk-f3aa695{flex:1 1 25% !important}}<\/style><div class=\"stk-column-wrapper stk-block-column__content stk-container stk-f3aa695-container stk--no-background stk--no-padding\"><div class=\"stk-block-content stk-inner-blocks stk-f3aa695-inner-blocks\">\n<div class=\"wp-block-stackable-image stk-block-image stk-block stk-204e50a stk--has-lightbox\" data-block-id=\"204e50a\"><style>.stk-204e50a .stk-img-wrapper{width:100% !important;height:223px !important}<\/style><figure class=\"stk-img-wrapper stk-image--shape-stretch\"><img loading=\"lazy\" decoding=\"async\" class=\"stk-img wp-image-1073\" src=\"https:\/\/www.ehcomunicacao.com.br\/plastitol\/wp-content\/uploads\/2023\/06\/brindes-chaveiro-flutuante-silkado-10.jpg\" width=\"901\" height=\"901\" srcset=\"https:\/\/www.plastitol.com.br\/wp-content\/uploads\/2023\/06\/brindes-chaveiro-flutuante-silkado-10.jpg 901w, https:\/\/www.plastitol.com.br\/wp-content\/uploads\/2023\/06\/brindes-chaveiro-flutuante-silkado-10-300x300.jpg 300w, https:\/\/www.plastitol.com.br\/wp-content\/uploads\/2023\/06\/brindes-chaveiro-flutuante-silkado-10-150x150.jpg 150w, https:\/\/www.plastitol.com.br\/wp-content\/uploads\/2023\/06\/brindes-chaveiro-flutuante-silkado-10-768x768.jpg 768w, https:\/\/www.plastitol.com.br\/wp-content\/uploads\/2023\/06\/brindes-chaveiro-flutuante-silkado-10-600x600.jpg 600w, https:\/\/www.plastitol.com.br\/wp-content\/uploads\/2023\/06\/brindes-chaveiro-flutuante-silkado-10-100x100.jpg 100w\" sizes=\"auto, (max-width: 901px) 100vw, 901px\" \/><\/figure><\/div>\n<\/div><\/div><\/div>\n\n\n\n<div class=\"wp-block-stackable-column stk-block-column stk-column stk-block stk-9e1a81d\" data-v=\"4\" data-block-id=\"9e1a81d\"><style>@media screen and (min-width:768px){.stk-9e1a81d{flex:1 1 25% !important}}<\/style><div class=\"stk-column-wrapper stk-block-column__content stk-container stk-9e1a81d-container stk--no-background stk--no-padding\"><div class=\"stk-block-content stk-inner-blocks stk-9e1a81d-inner-blocks\">\n<div class=\"wp-block-stackable-image stk-block-image stk-block stk-6737331 stk--has-lightbox\" data-block-id=\"6737331\"><style>.stk-6737331 .stk-img-wrapper{width:100% !important;height:223px !important}<\/style><figure class=\"stk-img-wrapper stk-image--shape-stretch\"><img loading=\"lazy\" decoding=\"async\" class=\"stk-img wp-image-1072\" src=\"https:\/\/www.ehcomunicacao.com.br\/plastitol\/wp-content\/uploads\/2023\/06\/brindes-chaveiro-flutuante-silkado-9.jpg\" width=\"901\" height=\"901\" srcset=\"https:\/\/www.plastitol.com.br\/wp-content\/uploads\/2023\/06\/brindes-chaveiro-flutuante-silkado-9.jpg 901w, https:\/\/www.plastitol.com.br\/wp-content\/uploads\/2023\/06\/brindes-chaveiro-flutuante-silkado-9-300x300.jpg 300w, https:\/\/www.plastitol.com.br\/wp-content\/uploads\/2023\/06\/brindes-chaveiro-flutuante-silkado-9-150x150.jpg 150w, https:\/\/www.plastitol.com.br\/wp-content\/uploads\/2023\/06\/brindes-chaveiro-flutuante-silkado-9-768x768.jpg 768w, https:\/\/www.plastitol.com.br\/wp-content\/uploads\/2023\/06\/brindes-chaveiro-flutuante-silkado-9-600x600.jpg 600w, https:\/\/www.plastitol.com.br\/wp-content\/uploads\/2023\/06\/brindes-chaveiro-flutuante-silkado-9-100x100.jpg 100w\" sizes=\"auto, (max-width: 901px) 100vw, 901px\" \/><\/figure><\/div>\n<\/div><\/div><\/div>\n<\/div><\/div>\n","protected":false},"excerpt":{"rendered":"<p>Material: PVC flex\u00edvel at\u00f3xico e de alta durabilidadeTipo: flutuanteImpress\u00e3o: em silk screem nas duas faces do chaveiroFormatos: pode ser feito qualquer formato (formatos j\u00e1 existentes na empresa, como redondo, retangular, quadrado, cora\u00e7\u00e3o, entre muitos outros, proporcionam menores valores pela dispensa de ferramental de corte. Formatos especiais podem ser desenvolvidos pela empresa)Acabamentos: cord\u00e3o de nylon, cord\u00e3o [&hellip;]<\/p>\n","protected":false},"author":1,"featured_media":0,"parent":0,"menu_order":0,"comment_status":"closed","ping_status":"closed","template":"","meta":{"footnotes":""},"class_list":["post-753","page","type-page","status-publish","hentry"],"blocksy_meta":{"page_structure_type":"type-1"},"featured_image_urls":{"full":"","thumbnail":"","medium":"","medium_large":"","large":"","1536x1536":"","2048x2048":""},"post_excerpt_stackable":"<p>Material: PVC flex\u00edvel at\u00f3xico e de alta durabilidadeTipo: flutuanteImpress\u00e3o: em silk screem nas duas faces do chaveiroFormatos: pode ser feito qualquer formato (formatos j\u00e1 existentes na empresa, como redondo, retangular, quadrado, cora\u00e7\u00e3o, entre muitos outros, proporcionam menores valores pela dispensa de ferramental de corte. Formatos especiais podem ser desenvolvidos pela empresa)Acabamentos: cord\u00e3o de nylon, cord\u00e3o de metal, presilha, com argola ou mosquet\u00e3o.Cores: produzimos em qualquer cor, utilizando o padr\u00e3o Pantone.<\/p>\n","category_list":"","author_info":{"name":"plastitol","url":"https:\/\/www.plastitol.com.br\/?author=1"},"comments_num":"0 coment\u00e1rio","jetpack_sharing_enabled":true,"_links":{"self":[{"href":"https:\/\/www.plastitol.com.br\/index.php?rest_route=\/wp\/v2\/pages\/753","targetHints":{"allow":["GET"]}}],"collection":[{"href":"https:\/\/www.plastitol.com.br\/index.php?rest_route=\/wp\/v2\/pages"}],"about":[{"href":"https:\/\/www.plastitol.com.br\/index.php?rest_route=\/wp\/v2\/types\/page"}],"author":[{"embeddable":true,"href":"https:\/\/www.plastitol.com.br\/index.php?rest_route=\/wp\/v2\/users\/1"}],"replies":[{"embeddable":true,"href":"https:\/\/www.plastitol.com.br\/index.php?rest_route=%2Fwp%2Fv2%2Fcomments&post=753"}],"version-history":[{"count":5,"href":"https:\/\/www.plastitol.com.br\/index.php?rest_route=\/wp\/v2\/pages\/753\/revisions"}],"predecessor-version":[{"id":1077,"href":"https:\/\/www.plastitol.com.br\/index.php?rest_route=\/wp\/v2\/pages\/753\/revisions\/1077"}],"wp:attachment":[{"href":"https:\/\/www.plastitol.com.br\/index.php?rest_route=%2Fwp%2Fv2%2Fmedia&parent=753"}],"curies":[{"name":"wp","href":"https:\/\/api.w.org\/{rel}","templated":true}]}}