{"id":1250,"date":"2023-06-25T10:44:42","date_gmt":"2023-06-25T13:44:42","guid":{"rendered":"https:\/\/www.ehcomunicacao.com.br\/plastitol\/?page_id=1250"},"modified":"2023-06-25T10:44:55","modified_gmt":"2023-06-25T13:44:55","slug":"pulseira-emborrachada","status":"publish","type":"page","link":"https:\/\/www.plastitol.com.br\/?page_id=1250","title":{"rendered":"Pulseira Emborrachada"},"content":{"rendered":"\n<p>Modelos: fechada (silicone) ou aberta de encaixe (emborrachada).<br>Cores: fabricamos em todas as cores, utilizando padr\u00e3o Pantone.<br>Impress\u00e3o: em silk screem, utilizando padr\u00e3o de cores Pantone.<\/p>\n\n\n\n<div class=\"wp-block-stackable-columns stk-block-columns stk-block stk-18ce5a2\" data-block-id=\"18ce5a2\"><div class=\"stk-row stk-inner-blocks stk-block-content stk-content-align stk-18ce5a2-column\">\n<div class=\"wp-block-stackable-column stk-block-column stk-column stk-block stk-11d0301\" data-v=\"4\" data-block-id=\"11d0301\"><style>@media screen and (min-width:768px){.stk-11d0301{flex:1 1 25% !important}}<\/style><div class=\"stk-column-wrapper stk-block-column__content stk-container stk-11d0301-container stk--no-background stk--no-padding\"><div class=\"stk-block-content stk-inner-blocks stk-11d0301-inner-blocks\">\n<div class=\"wp-block-stackable-image stk-block-image stk-block stk-26b7815 stk--has-lightbox\" data-block-id=\"26b7815\"><style>.stk-26b7815 .stk-img-wrapper{width:null% !important;height:nullpx !important}<\/style><figure class=\"stk-img-wrapper stk-image--shape-stretch\"><img loading=\"lazy\" decoding=\"async\" class=\"stk-img wp-image-1251\" src=\"https:\/\/www.ehcomunicacao.com.br\/plastitol\/wp-content\/uploads\/2023\/06\/brindes-pulseira-emborrachada1.jpg\" width=\"900\" height=\"892\" srcset=\"https:\/\/www.plastitol.com.br\/wp-content\/uploads\/2023\/06\/brindes-pulseira-emborrachada1.jpg 900w, https:\/\/www.plastitol.com.br\/wp-content\/uploads\/2023\/06\/brindes-pulseira-emborrachada1-300x297.jpg 300w, https:\/\/www.plastitol.com.br\/wp-content\/uploads\/2023\/06\/brindes-pulseira-emborrachada1-150x150.jpg 150w, https:\/\/www.plastitol.com.br\/wp-content\/uploads\/2023\/06\/brindes-pulseira-emborrachada1-768x761.jpg 768w, https:\/\/www.plastitol.com.br\/wp-content\/uploads\/2023\/06\/brindes-pulseira-emborrachada1-600x595.jpg 600w, https:\/\/www.plastitol.com.br\/wp-content\/uploads\/2023\/06\/brindes-pulseira-emborrachada1-100x100.jpg 100w\" sizes=\"auto, (max-width: 900px) 100vw, 900px\" \/><\/figure><\/div>\n<\/div><\/div><\/div>\n\n\n\n<div class=\"wp-block-stackable-column stk-block-column stk-column stk-block stk-f99227b\" data-v=\"4\" data-block-id=\"f99227b\"><style>@media screen and (min-width:768px){.stk-f99227b{flex:1 1 25% !important}}<\/style><div class=\"stk-column-wrapper stk-block-column__content stk-container stk-f99227b-container stk--no-background stk--no-padding\"><div class=\"stk-block-content stk-inner-blocks stk-f99227b-inner-blocks\">\n<div class=\"wp-block-stackable-image stk-block-image stk-block stk-c41379b stk--has-lightbox\" data-block-id=\"c41379b\"><figure class=\"stk-img-wrapper stk-image--shape-stretch\"><img loading=\"lazy\" decoding=\"async\" class=\"stk-img wp-image-1253\" src=\"https:\/\/www.ehcomunicacao.com.br\/plastitol\/wp-content\/uploads\/2023\/06\/brindes-pulseira-emborrachada3.jpg\" width=\"906\" height=\"906\" srcset=\"https:\/\/www.plastitol.com.br\/wp-content\/uploads\/2023\/06\/brindes-pulseira-emborrachada3.jpg 906w, https:\/\/www.plastitol.com.br\/wp-content\/uploads\/2023\/06\/brindes-pulseira-emborrachada3-300x300.jpg 300w, https:\/\/www.plastitol.com.br\/wp-content\/uploads\/2023\/06\/brindes-pulseira-emborrachada3-150x150.jpg 150w, https:\/\/www.plastitol.com.br\/wp-content\/uploads\/2023\/06\/brindes-pulseira-emborrachada3-768x768.jpg 768w, https:\/\/www.plastitol.com.br\/wp-content\/uploads\/2023\/06\/brindes-pulseira-emborrachada3-600x600.jpg 600w, https:\/\/www.plastitol.com.br\/wp-content\/uploads\/2023\/06\/brindes-pulseira-emborrachada3-100x100.jpg 100w\" sizes=\"auto, (max-width: 906px) 100vw, 906px\" \/><\/figure><\/div>\n<\/div><\/div><\/div>\n\n\n\n<div class=\"wp-block-stackable-column stk-block-column stk-column stk-block stk-e3c54f6\" data-v=\"4\" data-block-id=\"e3c54f6\"><style>@media screen and (min-width:768px){.stk-e3c54f6{flex:1 1 25% !important}}<\/style><div class=\"stk-column-wrapper stk-block-column__content stk-container stk-e3c54f6-container stk--no-background stk--no-padding\"><div class=\"stk-block-content stk-inner-blocks stk-e3c54f6-inner-blocks\">\n<div class=\"wp-block-stackable-image stk-block-image stk-block stk-0c56770 stk--has-lightbox\" data-block-id=\"0c56770\"><figure class=\"stk-img-wrapper stk-image--shape-stretch\"><img loading=\"lazy\" decoding=\"async\" class=\"stk-img wp-image-1252\" src=\"https:\/\/www.ehcomunicacao.com.br\/plastitol\/wp-content\/uploads\/2023\/06\/brindes-pulseira-emborrachada2.jpg\" width=\"901\" height=\"901\" srcset=\"https:\/\/www.plastitol.com.br\/wp-content\/uploads\/2023\/06\/brindes-pulseira-emborrachada2.jpg 901w, https:\/\/www.plastitol.com.br\/wp-content\/uploads\/2023\/06\/brindes-pulseira-emborrachada2-300x300.jpg 300w, https:\/\/www.plastitol.com.br\/wp-content\/uploads\/2023\/06\/brindes-pulseira-emborrachada2-150x150.jpg 150w, https:\/\/www.plastitol.com.br\/wp-content\/uploads\/2023\/06\/brindes-pulseira-emborrachada2-768x768.jpg 768w, https:\/\/www.plastitol.com.br\/wp-content\/uploads\/2023\/06\/brindes-pulseira-emborrachada2-600x600.jpg 600w, https:\/\/www.plastitol.com.br\/wp-content\/uploads\/2023\/06\/brindes-pulseira-emborrachada2-100x100.jpg 100w\" sizes=\"auto, (max-width: 901px) 100vw, 901px\" \/><\/figure><\/div>\n<\/div><\/div><\/div>\n\n\n\n<div class=\"wp-block-stackable-column stk-block-column stk-column stk-block stk-f7bf4ec\" data-v=\"4\" data-block-id=\"f7bf4ec\"><style>@media screen and (min-width:768px){.stk-f7bf4ec{flex:1 1 25% !important}}<\/style><div class=\"stk-column-wrapper stk-block-column__content stk-container stk-f7bf4ec-container stk--no-background stk--no-padding\"><div class=\"stk-block-content stk-inner-blocks stk-f7bf4ec-inner-blocks\">\n<div class=\"wp-block-stackable-image stk-block-image stk-block stk-d9252d5 stk--has-lightbox\" data-block-id=\"d9252d5\"><figure class=\"stk-img-wrapper stk-image--shape-stretch\"><img loading=\"lazy\" decoding=\"async\" class=\"stk-img wp-image-1254\" src=\"https:\/\/www.ehcomunicacao.com.br\/plastitol\/wp-content\/uploads\/2023\/06\/brindes-pulseira-emborrachada4.jpg\" width=\"901\" height=\"901\" srcset=\"https:\/\/www.plastitol.com.br\/wp-content\/uploads\/2023\/06\/brindes-pulseira-emborrachada4.jpg 901w, https:\/\/www.plastitol.com.br\/wp-content\/uploads\/2023\/06\/brindes-pulseira-emborrachada4-300x300.jpg 300w, https:\/\/www.plastitol.com.br\/wp-content\/uploads\/2023\/06\/brindes-pulseira-emborrachada4-150x150.jpg 150w, https:\/\/www.plastitol.com.br\/wp-content\/uploads\/2023\/06\/brindes-pulseira-emborrachada4-768x768.jpg 768w, https:\/\/www.plastitol.com.br\/wp-content\/uploads\/2023\/06\/brindes-pulseira-emborrachada4-600x600.jpg 600w, https:\/\/www.plastitol.com.br\/wp-content\/uploads\/2023\/06\/brindes-pulseira-emborrachada4-100x100.jpg 100w\" sizes=\"auto, (max-width: 901px) 100vw, 901px\" \/><\/figure><\/div>\n<\/div><\/div><\/div>\n<\/div><\/div>\n","protected":false},"excerpt":{"rendered":"<p>Modelos: fechada (silicone) ou aberta de encaixe (emborrachada).Cores: fabricamos em todas as cores, utilizando padr\u00e3o Pantone.Impress\u00e3o: em silk screem, utilizando padr\u00e3o de cores Pantone.<\/p>\n","protected":false},"author":1,"featured_media":0,"parent":0,"menu_order":0,"comment_status":"closed","ping_status":"closed","template":"","meta":{"footnotes":""},"class_list":["post-1250","page","type-page","status-publish","hentry"],"blocksy_meta":{"page_structure_type":"type-1"},"featured_image_urls":{"full":"","thumbnail":"","medium":"","medium_large":"","large":"","1536x1536":"","2048x2048":""},"post_excerpt_stackable":"<p>Modelos: fechada (silicone) ou aberta de encaixe (emborrachada).Cores: fabricamos em todas as cores, utilizando padr\u00e3o Pantone.Impress\u00e3o: em silk screem, utilizando padr\u00e3o de cores Pantone.<\/p>\n","category_list":"","author_info":{"name":"plastitol","url":"https:\/\/www.plastitol.com.br\/?author=1"},"comments_num":"0 coment\u00e1rio","jetpack_sharing_enabled":true,"_links":{"self":[{"href":"https:\/\/www.plastitol.com.br\/index.php?rest_route=\/wp\/v2\/pages\/1250","targetHints":{"allow":["GET"]}}],"collection":[{"href":"https:\/\/www.plastitol.com.br\/index.php?rest_route=\/wp\/v2\/pages"}],"about":[{"href":"https:\/\/www.plastitol.com.br\/index.php?rest_route=\/wp\/v2\/types\/page"}],"author":[{"embeddable":true,"href":"https:\/\/www.plastitol.com.br\/index.php?rest_route=\/wp\/v2\/users\/1"}],"replies":[{"embeddable":true,"href":"https:\/\/www.plastitol.com.br\/index.php?rest_route=%2Fwp%2Fv2%2Fcomments&post=1250"}],"version-history":[{"count":1,"href":"https:\/\/www.plastitol.com.br\/index.php?rest_route=\/wp\/v2\/pages\/1250\/revisions"}],"predecessor-version":[{"id":1255,"href":"https:\/\/www.plastitol.com.br\/index.php?rest_route=\/wp\/v2\/pages\/1250\/revisions\/1255"}],"wp:attachment":[{"href":"https:\/\/www.plastitol.com.br\/index.php?rest_route=%2Fwp%2Fv2%2Fmedia&parent=1250"}],"curies":[{"name":"wp","href":"https:\/\/api.w.org\/{rel}","templated":true}]}}