{"id":1045,"date":"2023-06-22T15:33:03","date_gmt":"2023-06-22T18:33:03","guid":{"rendered":"https:\/\/www.ehcomunicacao.com.br\/plastitol\/?page_id=1045"},"modified":"2023-06-22T15:33:28","modified_gmt":"2023-06-22T18:33:28","slug":"chaveiro-injetado","status":"publish","type":"page","link":"https:\/\/www.plastitol.com.br\/?page_id=1045","title":{"rendered":"Chaveiro Injetado"},"content":{"rendered":"\n<p><strong>Material<\/strong>: PVC flex\u00edvel at\u00f3xico e de alta durabilidade injetado<br><strong>Tipo<\/strong>: maci\u00e7o<br><strong>Impress\u00e3o<\/strong>: em silk screem (qualquer cor) ou relevo (na mesma cor do chaveiro) nas duas faces do chaveiro<br><strong>Formatos<\/strong>: pode ser feito qualquer formato (formatos j\u00e1 existentes na empresa, como redondo, retangular, quadrado, cora\u00e7\u00e3o, entre muitos outros, proporcionam menores valores pela dispensa de ferramental de corte. Formatos especiais podem ser desenvolvidos pela empresa)<br><strong>Acabamentos<\/strong>: cord\u00e3o de nylon, cord\u00e3o de metal, presilha, com argola ou mosquet\u00e3o.<br><strong>Cores<\/strong>: produzimos em qualquer cor, utilizando o padr\u00e3o Pantone.<\/p>\n\n\n\n<div class=\"wp-block-stackable-columns stk-block-columns stk-block stk-6824ab5\" data-block-id=\"6824ab5\"><div class=\"stk-row stk-inner-blocks stk-block-content stk-content-align stk-6824ab5-column\">\n<div class=\"wp-block-stackable-column stk-block-column stk-column stk-block stk-80a00c7\" data-v=\"4\" data-block-id=\"80a00c7\"><style>@media screen and (min-width:768px){.stk-80a00c7{flex:1 1 25% !important}}<\/style><div class=\"stk-column-wrapper stk-block-column__content stk-container stk-80a00c7-container stk--no-background stk--no-padding\"><div class=\"stk-block-content stk-inner-blocks stk-80a00c7-inner-blocks\">\n<div class=\"wp-block-stackable-image stk-block-image stk-block stk-d8ce50c stk--has-lightbox\" data-block-id=\"d8ce50c\"><style>.stk-d8ce50c .stk-img-wrapper{width:null% !important;height:nullpx !important}<\/style><figure class=\"stk-img-wrapper stk-image--shape-stretch\"><img loading=\"lazy\" decoding=\"async\" class=\"stk-img wp-image-1043\" src=\"https:\/\/www.ehcomunicacao.com.br\/plastitol\/wp-content\/uploads\/2023\/06\/brinde-chaveiro-emborrachado6.jpg\" width=\"901\" height=\"901\" srcset=\"https:\/\/www.plastitol.com.br\/wp-content\/uploads\/2023\/06\/brinde-chaveiro-emborrachado6.jpg 901w, https:\/\/www.plastitol.com.br\/wp-content\/uploads\/2023\/06\/brinde-chaveiro-emborrachado6-300x300.jpg 300w, https:\/\/www.plastitol.com.br\/wp-content\/uploads\/2023\/06\/brinde-chaveiro-emborrachado6-150x150.jpg 150w, https:\/\/www.plastitol.com.br\/wp-content\/uploads\/2023\/06\/brinde-chaveiro-emborrachado6-768x768.jpg 768w, https:\/\/www.plastitol.com.br\/wp-content\/uploads\/2023\/06\/brinde-chaveiro-emborrachado6-600x600.jpg 600w, https:\/\/www.plastitol.com.br\/wp-content\/uploads\/2023\/06\/brinde-chaveiro-emborrachado6-100x100.jpg 100w\" sizes=\"auto, (max-width: 901px) 100vw, 901px\" \/><\/figure><\/div>\n<\/div><\/div><\/div>\n\n\n\n<div class=\"wp-block-stackable-column stk-block-column stk-column stk-block stk-b588469\" data-v=\"4\" data-block-id=\"b588469\"><style>@media screen and (min-width:768px){.stk-b588469{flex:1 1 25% !important}}<\/style><div class=\"stk-column-wrapper stk-block-column__content stk-container stk-b588469-container stk--no-background stk--no-padding\"><div class=\"stk-block-content stk-inner-blocks stk-b588469-inner-blocks\">\n<div class=\"wp-block-stackable-image stk-block-image stk-block stk-4c55152 stk--has-lightbox\" data-block-id=\"4c55152\"><figure class=\"stk-img-wrapper stk-image--shape-stretch\"><img loading=\"lazy\" decoding=\"async\" class=\"stk-img wp-image-1047\" src=\"https:\/\/www.ehcomunicacao.com.br\/plastitol\/wp-content\/uploads\/2023\/06\/brinde-chaveiro-injetado-3.jpg\" width=\"901\" height=\"901\" srcset=\"https:\/\/www.plastitol.com.br\/wp-content\/uploads\/2023\/06\/brinde-chaveiro-injetado-3.jpg 901w, https:\/\/www.plastitol.com.br\/wp-content\/uploads\/2023\/06\/brinde-chaveiro-injetado-3-300x300.jpg 300w, https:\/\/www.plastitol.com.br\/wp-content\/uploads\/2023\/06\/brinde-chaveiro-injetado-3-150x150.jpg 150w, https:\/\/www.plastitol.com.br\/wp-content\/uploads\/2023\/06\/brinde-chaveiro-injetado-3-768x768.jpg 768w, https:\/\/www.plastitol.com.br\/wp-content\/uploads\/2023\/06\/brinde-chaveiro-injetado-3-600x600.jpg 600w, https:\/\/www.plastitol.com.br\/wp-content\/uploads\/2023\/06\/brinde-chaveiro-injetado-3-100x100.jpg 100w\" sizes=\"auto, (max-width: 901px) 100vw, 901px\" \/><\/figure><\/div>\n<\/div><\/div><\/div>\n\n\n\n<div class=\"wp-block-stackable-column stk-block-column stk-column stk-block stk-8460adb\" data-v=\"4\" data-block-id=\"8460adb\"><style>@media screen and (min-width:768px){.stk-8460adb{flex:1 1 25% !important}}<\/style><div class=\"stk-column-wrapper stk-block-column__content stk-container stk-8460adb-container stk--no-background stk--no-padding\"><div class=\"stk-block-content stk-inner-blocks stk-8460adb-inner-blocks\">\n<div class=\"wp-block-stackable-image stk-block-image stk-block stk-bb9d8bf stk--has-lightbox\" data-block-id=\"bb9d8bf\"><figure class=\"stk-img-wrapper stk-image--shape-stretch\"><img loading=\"lazy\" decoding=\"async\" class=\"stk-img wp-image-1046\" src=\"https:\/\/www.ehcomunicacao.com.br\/plastitol\/wp-content\/uploads\/2023\/06\/brinde-chaveiro-injetado-2.jpg\" width=\"901\" height=\"901\" srcset=\"https:\/\/www.plastitol.com.br\/wp-content\/uploads\/2023\/06\/brinde-chaveiro-injetado-2.jpg 901w, https:\/\/www.plastitol.com.br\/wp-content\/uploads\/2023\/06\/brinde-chaveiro-injetado-2-300x300.jpg 300w, https:\/\/www.plastitol.com.br\/wp-content\/uploads\/2023\/06\/brinde-chaveiro-injetado-2-150x150.jpg 150w, https:\/\/www.plastitol.com.br\/wp-content\/uploads\/2023\/06\/brinde-chaveiro-injetado-2-768x768.jpg 768w, https:\/\/www.plastitol.com.br\/wp-content\/uploads\/2023\/06\/brinde-chaveiro-injetado-2-600x600.jpg 600w, https:\/\/www.plastitol.com.br\/wp-content\/uploads\/2023\/06\/brinde-chaveiro-injetado-2-100x100.jpg 100w\" sizes=\"auto, (max-width: 901px) 100vw, 901px\" \/><\/figure><\/div>\n<\/div><\/div><\/div>\n\n\n\n<div class=\"wp-block-stackable-column stk-block-column stk-column stk-block stk-254e492\" data-v=\"4\" data-block-id=\"254e492\"><style>@media screen and (min-width:768px){.stk-254e492{flex:1 1 25% !important}}<\/style><div class=\"stk-column-wrapper stk-block-column__content stk-container stk-254e492-container stk--no-background stk--no-padding\"><div class=\"stk-block-content stk-inner-blocks stk-254e492-inner-blocks\"><\/div><\/div><\/div>\n<\/div><\/div>\n\n\n\n<div class=\"wp-block-stackable-columns stk-block-columns stk-block stk-308a82d\" data-block-id=\"308a82d\"><div class=\"stk-row stk-inner-blocks stk-block-content stk-content-align stk-308a82d-column\">\n<div class=\"wp-block-stackable-column stk-block-column stk-column stk-block stk-34bcc19\" data-v=\"4\" data-block-id=\"34bcc19\"><style>@media screen and (min-width:768px){.stk-34bcc19{flex:1 1 25% !important}}<\/style><div class=\"stk-column-wrapper stk-block-column__content stk-container stk-34bcc19-container stk--no-background stk--no-padding\"><div class=\"stk-block-content stk-inner-blocks stk-34bcc19-inner-blocks\"><\/div><\/div><\/div>\n\n\n\n<div class=\"wp-block-stackable-column stk-block-column stk-column stk-block stk-81cf2d1\" data-v=\"4\" data-block-id=\"81cf2d1\"><style>@media screen and (min-width:768px){.stk-81cf2d1{flex:1 1 25% !important}}<\/style><div class=\"stk-column-wrapper stk-block-column__content stk-container stk-81cf2d1-container stk--no-background stk--no-padding\"><div class=\"stk-block-content stk-inner-blocks stk-81cf2d1-inner-blocks\"><\/div><\/div><\/div>\n\n\n\n<div class=\"wp-block-stackable-column stk-block-column stk-column stk-block stk-a7100bc\" data-v=\"4\" data-block-id=\"a7100bc\"><style>@media screen and (min-width:768px){.stk-a7100bc{flex:1 1 25% !important}}<\/style><div class=\"stk-column-wrapper stk-block-column__content stk-container stk-a7100bc-container stk--no-background stk--no-padding\"><div class=\"stk-block-content stk-inner-blocks stk-a7100bc-inner-blocks\"><\/div><\/div><\/div>\n\n\n\n<div class=\"wp-block-stackable-column stk-block-column stk-column stk-block stk-388fc0b\" data-v=\"4\" data-block-id=\"388fc0b\"><style>@media screen and (min-width:768px){.stk-388fc0b{flex:1 1 25% !important}}<\/style><div class=\"stk-column-wrapper stk-block-column__content stk-container stk-388fc0b-container stk--no-background stk--no-padding\"><div class=\"stk-block-content stk-inner-blocks stk-388fc0b-inner-blocks\"><\/div><\/div><\/div>\n<\/div><\/div>\n","protected":false},"excerpt":{"rendered":"<p>Material: PVC flex\u00edvel at\u00f3xico e de alta durabilidade injetadoTipo: maci\u00e7oImpress\u00e3o: em silk screem (qualquer cor) ou relevo (na mesma cor do chaveiro) nas duas faces do chaveiroFormatos: pode ser feito qualquer formato (formatos j\u00e1 existentes na empresa, como redondo, retangular, quadrado, cora\u00e7\u00e3o, entre muitos outros, proporcionam menores valores pela dispensa de ferramental de corte. Formatos [&hellip;]<\/p>\n","protected":false},"author":1,"featured_media":0,"parent":0,"menu_order":0,"comment_status":"closed","ping_status":"closed","template":"","meta":{"footnotes":""},"class_list":["post-1045","page","type-page","status-publish","hentry"],"blocksy_meta":{"page_structure_type":"type-1"},"featured_image_urls":{"full":"","thumbnail":"","medium":"","medium_large":"","large":"","1536x1536":"","2048x2048":""},"post_excerpt_stackable":"<p>Material: PVC flex\u00edvel at\u00f3xico e de alta durabilidade injetadoTipo: maci\u00e7oImpress\u00e3o: em silk screem (qualquer cor) ou relevo (na mesma cor do chaveiro) nas duas faces do chaveiroFormatos: pode ser feito qualquer formato (formatos j\u00e1 existentes na empresa, como redondo, retangular, quadrado, cora\u00e7\u00e3o, entre muitos outros, proporcionam menores valores pela dispensa de ferramental de corte. Formatos especiais podem ser desenvolvidos pela empresa)Acabamentos: cord\u00e3o de nylon, cord\u00e3o de metal, presilha, com argola ou mosquet\u00e3o.Cores: produzimos em qualquer cor, utilizando o padr\u00e3o Pantone.<\/p>\n","category_list":"","author_info":{"name":"plastitol","url":"https:\/\/www.plastitol.com.br\/?author=1"},"comments_num":"0 coment\u00e1rio","jetpack_sharing_enabled":true,"_links":{"self":[{"href":"https:\/\/www.plastitol.com.br\/index.php?rest_route=\/wp\/v2\/pages\/1045","targetHints":{"allow":["GET"]}}],"collection":[{"href":"https:\/\/www.plastitol.com.br\/index.php?rest_route=\/wp\/v2\/pages"}],"about":[{"href":"https:\/\/www.plastitol.com.br\/index.php?rest_route=\/wp\/v2\/types\/page"}],"author":[{"embeddable":true,"href":"https:\/\/www.plastitol.com.br\/index.php?rest_route=\/wp\/v2\/users\/1"}],"replies":[{"embeddable":true,"href":"https:\/\/www.plastitol.com.br\/index.php?rest_route=%2Fwp%2Fv2%2Fcomments&post=1045"}],"version-history":[{"count":1,"href":"https:\/\/www.plastitol.com.br\/index.php?rest_route=\/wp\/v2\/pages\/1045\/revisions"}],"predecessor-version":[{"id":1048,"href":"https:\/\/www.plastitol.com.br\/index.php?rest_route=\/wp\/v2\/pages\/1045\/revisions\/1048"}],"wp:attachment":[{"href":"https:\/\/www.plastitol.com.br\/index.php?rest_route=%2Fwp%2Fv2%2Fmedia&parent=1045"}],"curies":[{"name":"wp","href":"https:\/\/api.w.org\/{rel}","templated":true}]}}